{"id":1215,"date":"2016-11-16T15:21:51","date_gmt":"2016-11-16T15:21:51","guid":{"rendered":"http:\/\/www.campingcitecarcassonne.com\/?page_id=1215"},"modified":"2023-03-01T12:33:10","modified_gmt":"2023-03-01T12:33:10","slug":"airedecampingcar-carcassonne","status":"publish","type":"page","link":"https:\/\/campingcitecarcassonne.com\/index.php\/airedecampingcar-carcassonne\/","title":{"rendered":"Aire de camping-cars de Carcassonne"},"content":{"rendered":"\t\t<div data-elementor-type=\"wp-page\" data-elementor-id=\"1215\" class=\"elementor elementor-1215\">\n\t\t\t\t\t\t<section class=\"elementor-section elementor-top-section elementor-element elementor-element-e875bd9 elementor-section-boxed elementor-section-height-default elementor-section-height-default\" data-id=\"e875bd9\" data-element_type=\"section\" data-e-type=\"section\">\n\t\t\t\t\t\t<div class=\"elementor-container elementor-column-gap-default\">\n\t\t\t\t\t<div class=\"elementor-column elementor-col-100 elementor-top-column elementor-element elementor-element-8783e03\" data-id=\"8783e03\" data-element_type=\"column\" data-e-type=\"column\">\n\t\t\t<div class=\"elementor-widget-wrap elementor-element-populated\">\n\t\t\t\t\t\t<div class=\"elementor-element elementor-element-9c53169 elementor-widget elementor-widget-image\" data-id=\"9c53169\" data-element_type=\"widget\" data-e-type=\"widget\" data-widget_type=\"image.default\">\n\t\t\t\t<div class=\"elementor-widget-container\">\n\t\t\t\t\t\t\t\t\t\t\t\t\t\t\t<img decoding=\"async\" width=\"640\" height=\"49\" src=\"https:\/\/campingcitecarcassonne.com\/wp-content\/uploads\/Aire-ouverte-a-lannee-1-1024x79.jpg\" class=\"attachment-large size-large wp-image-6234\" alt=\"\" srcset=\"https:\/\/campingcitecarcassonne.com\/wp-content\/uploads\/Aire-ouverte-a-lannee-1-1024x79.jpg 1024w, https:\/\/campingcitecarcassonne.com\/wp-content\/uploads\/Aire-ouverte-a-lannee-1-300x23.jpg 300w, https:\/\/campingcitecarcassonne.com\/wp-content\/uploads\/Aire-ouverte-a-lannee-1-768x59.jpg 768w, https:\/\/campingcitecarcassonne.com\/wp-content\/uploads\/Aire-ouverte-a-lannee-1.jpg 1500w\" sizes=\"(max-width: 640px) 100vw, 640px\" \/>\t\t\t\t\t\t\t\t\t\t\t\t\t\t\t<\/div>\n\t\t\t\t<\/div>\n\t\t\t\t<div class=\"elementor-element elementor-element-d21c7db elementor-widget elementor-widget-text-editor\" data-id=\"d21c7db\" data-element_type=\"widget\" data-e-type=\"widget\" data-widget_type=\"text-editor.default\">\n\t\t\t\t<div class=\"elementor-widget-container\">\n\t\t\t\t\t\t\t\t\t<p style=\"text-align: center;\"><span style=\"color: #ff0000;\"><strong>Aire de camping-cars automatis\u00e9e (sans \u00e9lectricit\u00e9, sans sanitaire)<\/strong><\/span><\/p><p style=\"text-align: center;\"><span style=\"color: #ff0000;\"><strong>Pas d&rsquo;acc\u00e8s aux services du Camping de la Cit\u00e9 <br \/><\/strong><\/span><\/p>\t\t\t\t\t\t\t\t<\/div>\n\t\t\t\t<\/div>\n\t\t\t\t<div class=\"elementor-element elementor-element-f2e679f elementor-widget elementor-widget-image\" data-id=\"f2e679f\" data-element_type=\"widget\" data-e-type=\"widget\" data-widget_type=\"image.default\">\n\t\t\t\t<div class=\"elementor-widget-container\">\n\t\t\t\t\t\t\t\t\t\t\t\t\t\t\t<img decoding=\"async\" width=\"150\" height=\"150\" src=\"https:\/\/campingcitecarcassonne.com\/wp-content\/uploads\/LOGO-CB-150x150-1.jpg\" class=\"attachment-thumbnail size-thumbnail wp-image-6237\" alt=\"\" \/>\t\t\t\t\t\t\t\t\t\t\t\t\t\t\t<\/div>\n\t\t\t\t<\/div>\n\t\t\t\t\t<\/div>\n\t\t<\/div>\n\t\t\t\t\t<\/div>\n\t\t<\/section>\n\t\t\t\t<section class=\"elementor-section elementor-top-section elementor-element elementor-element-529e4ef elementor-section-boxed elementor-section-height-default elementor-section-height-default\" data-id=\"529e4ef\" data-element_type=\"section\" data-e-type=\"section\">\n\t\t\t\t\t\t<div class=\"elementor-container elementor-column-gap-default\">\n\t\t\t\t\t<div class=\"elementor-column elementor-col-100 elementor-top-column elementor-element elementor-element-4ecab13\" data-id=\"4ecab13\" data-element_type=\"column\" data-e-type=\"column\">\n\t\t\t<div class=\"elementor-widget-wrap elementor-element-populated\">\n\t\t\t\t\t\t<div class=\"elementor-element elementor-element-c044bda elementor-widget elementor-widget-spacer\" data-id=\"c044bda\" data-element_type=\"widget\" data-e-type=\"widget\" data-widget_type=\"spacer.default\">\n\t\t\t\t<div class=\"elementor-widget-container\">\n\t\t\t\t\t\t\t<div class=\"elementor-spacer\">\n\t\t\t<div class=\"elementor-spacer-inner\"><\/div>\n\t\t<\/div>\n\t\t\t\t\t\t<\/div>\n\t\t\t\t<\/div>\n\t\t\t\t<div class=\"elementor-element elementor-element-8c3a60a elementor-widget elementor-widget-text-editor\" data-id=\"8c3a60a\" data-element_type=\"widget\" data-e-type=\"widget\" data-widget_type=\"text-editor.default\">\n\t\t\t\t<div class=\"elementor-widget-container\">\n\t\t\t\t\t\t\t\t\t<p style=\"text-align: left;\">Situ\u00e9e \u00e0 quelques minutes de la c\u00e9l\u00e8bre Cit\u00e9 M\u00e9di\u00e9vale<a href=\"https:\/\/campingcarcassonne.com\/index.php\/a-decouvrir\/\" target=\"_blank\" rel=\"noopener\">\u00a0<\/a> et \u00e0 3 km du Canal du Midi, deux sites incontournables class\u00e9s au patrimoine mondial de l\u2019UNESCO, nous vous proposons des emplacements plats, mi-ombrag\u00e9s.<\/p><p style=\"text-align: left;\">Les amoureux de la nature et de l\u2019histoire en auront pour leur compte !\u00a0 Au c\u0153ur du pays cathare et au sud de la Montagne Noire, notre aire de camping-cars sera le point de d\u00e9part id\u00e9al pour de nouvelles contr\u00e9es.<\/p><p style=\"text-align: left;\">L\u2019aire de camping-cars compte 38 emplacements pour des v\u00e9hicules d&rsquo;une <strong><span style=\"color: #ff0000;\">longueur de <\/span><span style=\"color: #ff0000;\"><strong>8 <\/strong>m\u00e8tres maximum.<\/span><\/strong> Les caravanes, camping-cars de plus de 8 m\u00e8tre avec ou sans remorque ainsi que les camping-cars sans sanitaires ne sont pas autoris\u00e9s sur l&rsquo;aire.<\/p><p style=\"text-align: left;\"><em>Une aire de vidange est mise \u00e0 votre disposition sur l&rsquo;aire. Un remplissage en eau est compris dans le forfait 24h et plus. <br \/><\/em><\/p>\t\t\t\t\t\t\t\t<\/div>\n\t\t\t\t<\/div>\n\t\t\t\t<section class=\"elementor-section elementor-inner-section elementor-element elementor-element-c3611d3 elementor-section-boxed elementor-section-height-default elementor-section-height-default\" data-id=\"c3611d3\" data-element_type=\"section\" data-e-type=\"section\">\n\t\t\t\t\t\t<div class=\"elementor-container elementor-column-gap-default\">\n\t\t\t\t\t<div class=\"elementor-column elementor-col-50 elementor-inner-column elementor-element elementor-element-9f9d472\" data-id=\"9f9d472\" data-element_type=\"column\" data-e-type=\"column\">\n\t\t\t<div class=\"elementor-widget-wrap elementor-element-populated\">\n\t\t\t\t\t\t<div class=\"elementor-element elementor-element-65d7a61 elementor-widget elementor-widget-image\" data-id=\"65d7a61\" data-element_type=\"widget\" data-e-type=\"widget\" data-widget_type=\"image.default\">\n\t\t\t\t<div class=\"elementor-widget-container\">\n\t\t\t\t\t\t\t\t\t\t\t\t\t\t\t<img decoding=\"async\" src=\"https:\/\/campingcitecarcassonne.com\/wp-content\/uploads\/elementor\/thumbs\/Tarifs-AIRE-2022-FR-120-x-70cm-597x1024-1-q2vgtf38ujleupmjktaly40t3sqnsk7pckqrcjh3pc.jpg\" title=\"Tarifs-AIRE-2022-FR-120-x-70cm-597&#215;1024\" alt=\"Tarifs-AIRE-2022-FR-120-x-70cm-597x1024\" loading=\"lazy\" \/>\t\t\t\t\t\t\t\t\t\t\t\t\t\t\t<\/div>\n\t\t\t\t<\/div>\n\t\t\t\t\t<\/div>\n\t\t<\/div>\n\t\t\t\t<div class=\"elementor-column elementor-col-50 elementor-inner-column elementor-element elementor-element-c8ffce8\" data-id=\"c8ffce8\" data-element_type=\"column\" data-e-type=\"column\">\n\t\t\t<div class=\"elementor-widget-wrap elementor-element-populated\">\n\t\t\t\t\t\t<div class=\"elementor-element elementor-element-1033087 elementor-widget elementor-widget-spacer\" data-id=\"1033087\" data-element_type=\"widget\" data-e-type=\"widget\" data-widget_type=\"spacer.default\">\n\t\t\t\t<div class=\"elementor-widget-container\">\n\t\t\t\t\t\t\t<div class=\"elementor-spacer\">\n\t\t\t<div class=\"elementor-spacer-inner\"><\/div>\n\t\t<\/div>\n\t\t\t\t\t\t<\/div>\n\t\t\t\t<\/div>\n\t\t\t\t<div class=\"elementor-element elementor-element-4096807 elementor-widget elementor-widget-image\" data-id=\"4096807\" data-element_type=\"widget\" data-e-type=\"widget\" data-widget_type=\"image.default\">\n\t\t\t\t<div class=\"elementor-widget-container\">\n\t\t\t\t\t\t\t\t\t\t\t\t\t\t\t<img fetchpriority=\"high\" decoding=\"async\" width=\"1280\" height=\"854\" src=\"https:\/\/campingcitecarcassonne.com\/wp-content\/uploads\/2016\/11\/Photo-aire-site-web.jpg\" class=\"attachment-full size-full wp-image-2118\" alt=\"\" srcset=\"https:\/\/campingcitecarcassonne.com\/wp-content\/uploads\/2016\/11\/Photo-aire-site-web.jpg 1280w, https:\/\/campingcitecarcassonne.com\/wp-content\/uploads\/2016\/11\/Photo-aire-site-web-300x200.jpg 300w, https:\/\/campingcitecarcassonne.com\/wp-content\/uploads\/2016\/11\/Photo-aire-site-web-768x512.jpg 768w, https:\/\/campingcitecarcassonne.com\/wp-content\/uploads\/2016\/11\/Photo-aire-site-web-1024x683.jpg 1024w, https:\/\/campingcitecarcassonne.com\/wp-content\/uploads\/2016\/11\/Photo-aire-site-web-750x500.jpg 750w\" sizes=\"(max-width: 1280px) 100vw, 1280px\" \/>\t\t\t\t\t\t\t\t\t\t\t\t\t\t\t<\/div>\n\t\t\t\t<\/div>\n\t\t\t\t\t<\/div>\n\t\t<\/div>\n\t\t\t\t\t<\/div>\n\t\t<\/section>\n\t\t\t\t\t<\/div>\n\t\t<\/div>\n\t\t\t\t\t<\/div>\n\t\t<\/section>\n\t\t\t\t<section class=\"elementor-section elementor-top-section elementor-element elementor-element-6a88e3c elementor-section-boxed elementor-section-height-default elementor-section-height-default\" data-id=\"6a88e3c\" data-element_type=\"section\" data-e-type=\"section\">\n\t\t\t\t\t\t<div class=\"elementor-container elementor-column-gap-default\">\n\t\t\t\t\t<div class=\"elementor-column elementor-col-100 elementor-top-column elementor-element elementor-element-75daf3a\" data-id=\"75daf3a\" data-element_type=\"column\" data-e-type=\"column\">\n\t\t\t<div class=\"elementor-widget-wrap elementor-element-populated\">\n\t\t\t\t\t\t<div class=\"elementor-element elementor-element-26db088 elementor-widget elementor-widget-spacer\" data-id=\"26db088\" data-element_type=\"widget\" data-e-type=\"widget\" data-widget_type=\"spacer.default\">\n\t\t\t\t<div class=\"elementor-widget-container\">\n\t\t\t\t\t\t\t<div class=\"elementor-spacer\">\n\t\t\t<div class=\"elementor-spacer-inner\"><\/div>\n\t\t<\/div>\n\t\t\t\t\t\t<\/div>\n\t\t\t\t<\/div>\n\t\t\t\t<div class=\"elementor-element elementor-element-47197ca elementor-widget elementor-widget-image\" data-id=\"47197ca\" data-element_type=\"widget\" data-e-type=\"widget\" data-widget_type=\"image.default\">\n\t\t\t\t<div class=\"elementor-widget-container\">\n\t\t\t\t\t\t\t\t\t\t\t\t\t\t\t<img loading=\"lazy\" decoding=\"async\" width=\"1024\" height=\"647\" src=\"https:\/\/campingcitecarcassonne.com\/wp-content\/uploads\/Plan-Aire-OFFICIEL-2021-site-web-1024x647-1.jpg\" class=\"attachment-full size-full wp-image-6235\" alt=\"\" srcset=\"https:\/\/campingcitecarcassonne.com\/wp-content\/uploads\/Plan-Aire-OFFICIEL-2021-site-web-1024x647-1.jpg 1024w, https:\/\/campingcitecarcassonne.com\/wp-content\/uploads\/Plan-Aire-OFFICIEL-2021-site-web-1024x647-1-300x190.jpg 300w, https:\/\/campingcitecarcassonne.com\/wp-content\/uploads\/Plan-Aire-OFFICIEL-2021-site-web-1024x647-1-768x485.jpg 768w\" sizes=\"(max-width: 1024px) 100vw, 1024px\" \/>\t\t\t\t\t\t\t\t\t\t\t\t\t\t\t<\/div>\n\t\t\t\t<\/div>\n\t\t\t\t\t<\/div>\n\t\t<\/div>\n\t\t\t\t\t<\/div>\n\t\t<\/section>\n\t\t\t\t<\/div>\n\t\t","protected":false},"excerpt":{"rendered":"<p>Aire de camping-cars automatis\u00e9e (sans \u00e9lectricit\u00e9, sans sanitaire) Pas d&rsquo;acc\u00e8s aux services du Camping de la Cit\u00e9 Situ\u00e9e \u00e0 quelques minutes de la c\u00e9l\u00e8bre Cit\u00e9 M\u00e9di\u00e9vale&nbsp; et \u00e0 3 km du Canal du Midi, deux sites incontournables class\u00e9s au patrimoine mondial de l\u2019UNESCO, nous vous proposons des emplacements plats, mi-ombrag\u00e9s. Les amoureux de la nature<a href=\"https:\/\/campingcitecarcassonne.com\/index.php\/airedecampingcar-carcassonne\/\">[&#8230;]<\/a><\/p>\n","protected":false},"author":2,"featured_media":0,"parent":0,"menu_order":0,"comment_status":"closed","ping_status":"closed","template":"","meta":{"footnotes":""},"class_list":["post-1215","page","type-page","status-publish","hentry"],"_links":{"self":[{"href":"https:\/\/campingcitecarcassonne.com\/index.php\/wp-json\/wp\/v2\/pages\/1215","targetHints":{"allow":["GET"]}}],"collection":[{"href":"https:\/\/campingcitecarcassonne.com\/index.php\/wp-json\/wp\/v2\/pages"}],"about":[{"href":"https:\/\/campingcitecarcassonne.com\/index.php\/wp-json\/wp\/v2\/types\/page"}],"author":[{"embeddable":true,"href":"https:\/\/campingcitecarcassonne.com\/index.php\/wp-json\/wp\/v2\/users\/2"}],"replies":[{"embeddable":true,"href":"https:\/\/campingcitecarcassonne.com\/index.php\/wp-json\/wp\/v2\/comments?post=1215"}],"version-history":[{"count":86,"href":"https:\/\/campingcitecarcassonne.com\/index.php\/wp-json\/wp\/v2\/pages\/1215\/revisions"}],"predecessor-version":[{"id":6241,"href":"https:\/\/campingcitecarcassonne.com\/index.php\/wp-json\/wp\/v2\/pages\/1215\/revisions\/6241"}],"wp:attachment":[{"href":"https:\/\/campingcitecarcassonne.com\/index.php\/wp-json\/wp\/v2\/media?parent=1215"}],"curies":[{"name":"wp","href":"https:\/\/api.w.org\/{rel}","templated":true}]}}