{"id":1261,"date":"2016-11-21T10:53:03","date_gmt":"2016-11-21T10:53:03","guid":{"rendered":"http:\/\/www.campingcitecarcassonne.com\/?page_id=1261"},"modified":"2024-01-05T09:47:28","modified_gmt":"2024-01-05T09:47:28","slug":"mobil-home-40m2-8-pers","status":"publish","type":"page","link":"https:\/\/campingcitecarcassonne.com\/index.php\/mobil-home-40m2-8-pers\/","title":{"rendered":"Mobile-home 40m\u00b2 (8 personnes)"},"content":{"rendered":"\t\t<div data-elementor-type=\"wp-page\" data-elementor-id=\"1261\" class=\"elementor elementor-1261\">\n\t\t\t\t\t\t<section class=\"elementor-section elementor-top-section elementor-element elementor-element-3f8cda4d elementor-section-boxed elementor-section-height-default elementor-section-height-default\" data-id=\"3f8cda4d\" data-element_type=\"section\" data-e-type=\"section\">\n\t\t\t\t\t\t<div class=\"elementor-container elementor-column-gap-default\">\n\t\t\t\t\t<div class=\"elementor-column elementor-col-100 elementor-top-column elementor-element elementor-element-46cdd2c5\" data-id=\"46cdd2c5\" data-element_type=\"column\" data-e-type=\"column\">\n\t\t\t<div class=\"elementor-widget-wrap elementor-element-populated\">\n\t\t\t\t\t\t<div class=\"elementor-element elementor-element-4a83499 elementor-widget elementor-widget-heading\" data-id=\"4a83499\" data-element_type=\"widget\" data-e-type=\"widget\" data-widget_type=\"heading.default\">\n\t\t\t\t<div class=\"elementor-widget-container\">\n\t\t\t\t\t<h2 class=\"elementor-heading-title elementor-size-default\">NOS MOBILE-HOMES 40M\u00b2<\/h2>\t\t\t\t<\/div>\n\t\t\t\t<\/div>\n\t\t\t\t<div class=\"elementor-element elementor-element-7569a4d elementor-widget elementor-widget-text-editor\" data-id=\"7569a4d\" data-element_type=\"widget\" data-e-type=\"widget\" data-widget_type=\"text-editor.default\">\n\t\t\t\t<div class=\"elementor-widget-container\">\n\t\t\t\t\t\t\t\t\t<p><strong>Capacit\u00e9 :<\/strong> 8 personnes avec 2 chambres doubles + 2 chambres avec deux lits simples + s\u00e9jour avec TV et cuisine + salle de bain et WC ind\u00e9pendants + climatisation<\/p>\t\t\t\t\t\t\t\t<\/div>\n\t\t\t\t<\/div>\n\t\t\t\t<div class=\"elementor-element elementor-element-262c5b5 elementor-widget elementor-widget-image\" data-id=\"262c5b5\" data-element_type=\"widget\" data-e-type=\"widget\" data-widget_type=\"image.default\">\n\t\t\t\t<div class=\"elementor-widget-container\">\n\t\t\t\t\t\t\t\t\t\t\t\t\t\t\t<img fetchpriority=\"high\" decoding=\"async\" width=\"640\" height=\"427\" src=\"https:\/\/campingcitecarcassonne.com\/wp-content\/uploads\/2016\/11\/MH40-768x512.jpg\" class=\"attachment-medium_large size-medium_large wp-image-2374\" alt=\"\" srcset=\"https:\/\/campingcitecarcassonne.com\/wp-content\/uploads\/2016\/11\/MH40-768x512.jpg 768w, https:\/\/campingcitecarcassonne.com\/wp-content\/uploads\/2016\/11\/MH40-300x200.jpg 300w, https:\/\/campingcitecarcassonne.com\/wp-content\/uploads\/2016\/11\/MH40-1024x683.jpg 1024w, https:\/\/campingcitecarcassonne.com\/wp-content\/uploads\/2016\/11\/MH40-750x500.jpg 750w\" sizes=\"(max-width: 640px) 100vw, 640px\" \/>\t\t\t\t\t\t\t\t\t\t\t\t\t\t\t<\/div>\n\t\t\t\t<\/div>\n\t\t\t\t<div class=\"elementor-element elementor-element-42c62b7 elementor-widget elementor-widget-heading\" data-id=\"42c62b7\" data-element_type=\"widget\" data-e-type=\"widget\" data-widget_type=\"heading.default\">\n\t\t\t\t<div class=\"elementor-widget-container\">\n\t\t\t\t\t<h2 class=\"elementor-heading-title elementor-size-default\">S\u00e9jour et cuisine<\/h2>\t\t\t\t<\/div>\n\t\t\t\t<\/div>\n\t\t\t\t<div class=\"elementor-element elementor-element-9159de9 elementor-widget elementor-widget-text-editor\" data-id=\"9159de9\" data-element_type=\"widget\" data-e-type=\"widget\" data-widget_type=\"text-editor.default\">\n\t\t\t\t<div class=\"elementor-widget-container\">\n\t\t\t\t\t\t\t\t\t<div>Kitchenette \u00e9quip\u00e9e d\u2019une plaque deux feux gaz, un \u00e9vier, un r\u00e9frig\u00e9rateur-cong\u00e9lateur, un micro-onde, un lave-vaisselle<\/div><div>Vaisselle et assises pr\u00e9vues pour 4 personnes<\/div><div>Eau courante chaude et froide, chauffage et climatisation dans l\u2019habitat<\/div><p>S\u00e9jour \u00e9quip\u00e9 d\u2019une t\u00e9l\u00e9vision<\/p>\t\t\t\t\t\t\t\t<\/div>\n\t\t\t\t<\/div>\n\t\t\t\t<section class=\"elementor-section elementor-inner-section elementor-element elementor-element-38bcbc4 elementor-section-boxed elementor-section-height-default elementor-section-height-default\" data-id=\"38bcbc4\" data-element_type=\"section\" data-e-type=\"section\">\n\t\t\t\t\t\t<div class=\"elementor-container elementor-column-gap-default\">\n\t\t\t\t\t<div class=\"elementor-column elementor-col-50 elementor-inner-column elementor-element elementor-element-c774222\" data-id=\"c774222\" data-element_type=\"column\" data-e-type=\"column\">\n\t\t\t<div class=\"elementor-widget-wrap elementor-element-populated\">\n\t\t\t\t\t\t<div class=\"elementor-element elementor-element-aa156cc elementor-widget elementor-widget-image\" data-id=\"aa156cc\" data-element_type=\"widget\" data-e-type=\"widget\" data-widget_type=\"image.default\">\n\t\t\t\t<div class=\"elementor-widget-container\">\n\t\t\t\t\t\t\t\t\t\t\t\t\t\t\t<img decoding=\"async\" width=\"640\" height=\"427\" src=\"https:\/\/campingcitecarcassonne.com\/wp-content\/uploads\/MH40-Salon-1024x683.jpg\" class=\"attachment-large size-large wp-image-5673\" alt=\"\" srcset=\"https:\/\/campingcitecarcassonne.com\/wp-content\/uploads\/MH40-Salon-1024x683.jpg 1024w, https:\/\/campingcitecarcassonne.com\/wp-content\/uploads\/MH40-Salon-300x200.jpg 300w, https:\/\/campingcitecarcassonne.com\/wp-content\/uploads\/MH40-Salon-768x512.jpg 768w, https:\/\/campingcitecarcassonne.com\/wp-content\/uploads\/MH40-Salon-1536x1024.jpg 1536w, https:\/\/campingcitecarcassonne.com\/wp-content\/uploads\/MH40-Salon-2048x1365.jpg 2048w, https:\/\/campingcitecarcassonne.com\/wp-content\/uploads\/MH40-Salon-750x500.jpg 750w\" sizes=\"(max-width: 640px) 100vw, 640px\" \/>\t\t\t\t\t\t\t\t\t\t\t\t\t\t\t<\/div>\n\t\t\t\t<\/div>\n\t\t\t\t\t<\/div>\n\t\t<\/div>\n\t\t\t\t<div class=\"elementor-column elementor-col-50 elementor-inner-column elementor-element elementor-element-5365c9e\" data-id=\"5365c9e\" data-element_type=\"column\" data-e-type=\"column\">\n\t\t\t<div class=\"elementor-widget-wrap elementor-element-populated\">\n\t\t\t\t\t\t<div class=\"elementor-element elementor-element-f566f02 elementor-widget elementor-widget-image\" data-id=\"f566f02\" data-element_type=\"widget\" data-e-type=\"widget\" data-widget_type=\"image.default\">\n\t\t\t\t<div class=\"elementor-widget-container\">\n\t\t\t\t\t\t\t\t\t\t\t\t\t\t\t<img decoding=\"async\" width=\"640\" height=\"427\" src=\"https:\/\/campingcitecarcassonne.com\/wp-content\/uploads\/MH33-Salle-a-manger-1024x683.jpg\" class=\"attachment-large size-large wp-image-5671\" alt=\"\" srcset=\"https:\/\/campingcitecarcassonne.com\/wp-content\/uploads\/MH33-Salle-a-manger-1024x683.jpg 1024w, https:\/\/campingcitecarcassonne.com\/wp-content\/uploads\/MH33-Salle-a-manger-300x200.jpg 300w, https:\/\/campingcitecarcassonne.com\/wp-content\/uploads\/MH33-Salle-a-manger-768x512.jpg 768w, https:\/\/campingcitecarcassonne.com\/wp-content\/uploads\/MH33-Salle-a-manger-1536x1024.jpg 1536w, https:\/\/campingcitecarcassonne.com\/wp-content\/uploads\/MH33-Salle-a-manger-2048x1365.jpg 2048w, https:\/\/campingcitecarcassonne.com\/wp-content\/uploads\/MH33-Salle-a-manger-750x500.jpg 750w\" sizes=\"(max-width: 640px) 100vw, 640px\" \/>\t\t\t\t\t\t\t\t\t\t\t\t\t\t\t<\/div>\n\t\t\t\t<\/div>\n\t\t\t\t\t<\/div>\n\t\t<\/div>\n\t\t\t\t\t<\/div>\n\t\t<\/section>\n\t\t\t\t<div class=\"elementor-element elementor-element-147f7a1 elementor-widget elementor-widget-image\" data-id=\"147f7a1\" data-element_type=\"widget\" data-e-type=\"widget\" data-widget_type=\"image.default\">\n\t\t\t\t<div class=\"elementor-widget-container\">\n\t\t\t\t\t\t\t\t\t\t\t\t\t\t\t<img loading=\"lazy\" decoding=\"async\" width=\"640\" height=\"427\" src=\"https:\/\/campingcitecarcassonne.com\/wp-content\/uploads\/MH31-Cuisine-1024x683.jpg\" class=\"attachment-large size-large wp-image-5669\" alt=\"\" srcset=\"https:\/\/campingcitecarcassonne.com\/wp-content\/uploads\/MH31-Cuisine-1024x683.jpg 1024w, https:\/\/campingcitecarcassonne.com\/wp-content\/uploads\/MH31-Cuisine-300x200.jpg 300w, https:\/\/campingcitecarcassonne.com\/wp-content\/uploads\/MH31-Cuisine-768x512.jpg 768w, https:\/\/campingcitecarcassonne.com\/wp-content\/uploads\/MH31-Cuisine-1536x1024.jpg 1536w, https:\/\/campingcitecarcassonne.com\/wp-content\/uploads\/MH31-Cuisine-2048x1365.jpg 2048w, https:\/\/campingcitecarcassonne.com\/wp-content\/uploads\/MH31-Cuisine-750x500.jpg 750w\" sizes=\"(max-width: 640px) 100vw, 640px\" \/>\t\t\t\t\t\t\t\t\t\t\t\t\t\t\t<\/div>\n\t\t\t\t<\/div>\n\t\t\t\t<div class=\"elementor-element elementor-element-b4413eb elementor-widget elementor-widget-spacer\" data-id=\"b4413eb\" data-element_type=\"widget\" data-e-type=\"widget\" data-widget_type=\"spacer.default\">\n\t\t\t\t<div class=\"elementor-widget-container\">\n\t\t\t\t\t\t\t<div class=\"elementor-spacer\">\n\t\t\t<div class=\"elementor-spacer-inner\"><\/div>\n\t\t<\/div>\n\t\t\t\t\t\t<\/div>\n\t\t\t\t<\/div>\n\t\t\t\t<div class=\"elementor-element elementor-element-c1cc9aa elementor-widget elementor-widget-heading\" data-id=\"c1cc9aa\" data-element_type=\"widget\" data-e-type=\"widget\" data-widget_type=\"heading.default\">\n\t\t\t\t<div class=\"elementor-widget-container\">\n\t\t\t\t\t<h2 class=\"elementor-heading-title elementor-size-default\">Chambres<\/h2>\t\t\t\t<\/div>\n\t\t\t\t<\/div>\n\t\t\t\t<div class=\"elementor-element elementor-element-6d309a6 elementor-widget elementor-widget-text-editor\" data-id=\"6d309a6\" data-element_type=\"widget\" data-e-type=\"widget\" data-widget_type=\"text-editor.default\">\n\t\t\t\t<div class=\"elementor-widget-container\">\n\t\t\t\t\t\t\t\t\t<p>2 chambres avec 1 lit double en 140 et 2 chambres avec 2 lits simples en 80.<br \/>Les lits sont \u00e9quip\u00e9s avec des couvertures, oreillers et al\u00e8ses.<\/p><p><span style=\"text-decoration: underline;\"><strong>Attention<\/strong> <\/span>: les draps ne sont pas fourni<\/p>\t\t\t\t\t\t\t\t<\/div>\n\t\t\t\t<\/div>\n\t\t\t\t<div class=\"elementor-element elementor-element-8259357 elementor-widget elementor-widget-spacer\" data-id=\"8259357\" data-element_type=\"widget\" data-e-type=\"widget\" data-widget_type=\"spacer.default\">\n\t\t\t\t<div class=\"elementor-widget-container\">\n\t\t\t\t\t\t\t<div class=\"elementor-spacer\">\n\t\t\t<div class=\"elementor-spacer-inner\"><\/div>\n\t\t<\/div>\n\t\t\t\t\t\t<\/div>\n\t\t\t\t<\/div>\n\t\t\t\t<div class=\"elementor-element elementor-element-0b08793 elementor-widget elementor-widget-heading\" data-id=\"0b08793\" data-element_type=\"widget\" data-e-type=\"widget\" data-widget_type=\"heading.default\">\n\t\t\t\t<div class=\"elementor-widget-container\">\n\t\t\t\t\t<h2 class=\"elementor-heading-title elementor-size-default\">Sanitaires<\/h2>\t\t\t\t<\/div>\n\t\t\t\t<\/div>\n\t\t\t\t<div class=\"elementor-element elementor-element-74aad2e elementor-widget elementor-widget-text-editor\" data-id=\"74aad2e\" data-element_type=\"widget\" data-e-type=\"widget\" data-widget_type=\"text-editor.default\">\n\t\t\t\t<div class=\"elementor-widget-container\">\n\t\t\t\t\t\t\t\t\t<p>Les sanitaires se composent d\u2019une cabine de douche et d\u2019un lavabo<br \/>Les wc sont ind\u00e9pendants<\/p><p><span style=\"text-decoration: underline;\"><strong>Attention<\/strong> <\/span>: le linge de\u00a0 bain (serviettes et tapis) et le papier wc ne sont pas fournis<\/p>\t\t\t\t\t\t\t\t<\/div>\n\t\t\t\t<\/div>\n\t\t\t\t<div class=\"elementor-element elementor-element-baf16ba elementor-widget elementor-widget-spacer\" data-id=\"baf16ba\" data-element_type=\"widget\" data-e-type=\"widget\" data-widget_type=\"spacer.default\">\n\t\t\t\t<div class=\"elementor-widget-container\">\n\t\t\t\t\t\t\t<div class=\"elementor-spacer\">\n\t\t\t<div class=\"elementor-spacer-inner\"><\/div>\n\t\t<\/div>\n\t\t\t\t\t\t<\/div>\n\t\t\t\t<\/div>\n\t\t\t\t<div class=\"elementor-element elementor-element-20b86bc elementor-widget elementor-widget-heading\" data-id=\"20b86bc\" data-element_type=\"widget\" data-e-type=\"widget\" data-widget_type=\"heading.default\">\n\t\t\t\t<div class=\"elementor-widget-container\">\n\t\t\t\t\t<h2 class=\"elementor-heading-title elementor-size-default\">Inventaire<\/h2>\t\t\t\t<\/div>\n\t\t\t\t<\/div>\n\t\t\t\t<div class=\"elementor-element elementor-element-402e00e elementor-widget elementor-widget-text-editor\" data-id=\"402e00e\" data-element_type=\"widget\" data-e-type=\"widget\" data-widget_type=\"text-editor.default\">\n\t\t\t\t<div class=\"elementor-widget-container\">\n\t\t\t\t\t\t\t\t\t<div>\n\t\t\t\t\t\t\t\t<div data-elementor-setting-key=\"editor\" data-elementor-inline-editing-toolbar=\"advanced\">\n\t\t\t\t<div>\n<div data-elementor-setting-key=\"editor\" data-elementor-inline-editing-toolbar=\"advanced\">\n<div>\n<div data-elementor-setting-key=\"editor\" data-elementor-inline-editing-toolbar=\"advanced\">\n<div>\n<div data-elementor-setting-key=\"editor\" data-elementor-inline-editing-toolbar=\"advanced\">\n<div>\n<div data-elementor-setting-key=\"editor\" data-elementor-inline-editing-toolbar=\"advanced\">\n<p style=\"text-align: left;\"><strong>kit vaisselle<\/strong> : assiettes \nplates, assiettes creuses, assiettes \u00e0 dessert, bols, verres, tasses \u00e0 \ncaf\u00e9 avec sous-tasses, cuill\u00e8res, fourchettes, couteaux, cuill\u00e8res \u00e0 \ncaf\u00e9, carafe, cafeti\u00e8re \u00e9lectrique, casseroles, faitout, plat, saladier,\n po\u00eale, passoire, planche \u00e0 d\u00e9couper, ustensiles de cuisine.<\/p>\n<p><strong>M\u00e9nage<\/strong> : seau, serpilli\u00e8re, bassine, balai coco, balai brosse, pelle, poubelle, \u00e9tendoir \u00e0 linge<\/p>\n<\/div>\n<\/div>\n<\/div>\n<\/div>\n<\/div>\n<\/div>\n<\/div>\n<\/div><\/div><\/div><p><\/p>\t\t\t\t\t\t\t\t<\/div>\n\t\t\t\t<\/div>\n\t\t\t\t<div class=\"elementor-element elementor-element-16c5d0c elementor-widget elementor-widget-text-editor\" data-id=\"16c5d0c\" data-element_type=\"widget\" data-e-type=\"widget\" data-widget_type=\"text-editor.default\">\n\t\t\t\t<div class=\"elementor-widget-container\">\n\t\t\t\t\t\t\t\t\t<p style=\"text-align: center;\"><a href=\"https:\/\/thelisresa.webcamp.fr\/?lang=fr&amp;camping=carcassonne&amp;PHPSESSID=021v6oajm5t0j4d13pc4pnhrmq\"><span style=\"text-decoration: underline;\"><strong>JE R\u00c9SERVE MON 40M\u00b2<\/strong><\/span><\/a><\/p>\t\t\t\t\t\t\t\t<\/div>\n\t\t\t\t<\/div>\n\t\t\t\t\t<\/div>\n\t\t<\/div>\n\t\t\t\t\t<\/div>\n\t\t<\/section>\n\t\t\t\t<\/div>\n\t\t","protected":false},"excerpt":{"rendered":"<p>NOS MOBILE-HOMES 40M\u00b2 Capacit\u00e9 : 8 personnes avec 2 chambres doubles + 2 chambres avec deux lits simples + s\u00e9jour avec TV et cuisine + salle de bain et WC ind\u00e9pendants + climatisation S\u00e9jour et cuisine Kitchenette \u00e9quip\u00e9e d\u2019une plaque deux feux gaz, un \u00e9vier, un r\u00e9frig\u00e9rateur-cong\u00e9lateur, un micro-onde, un lave-vaisselleVaisselle et assises pr\u00e9vues pour<a href=\"https:\/\/campingcitecarcassonne.com\/index.php\/mobil-home-40m2-8-pers\/\">[&#8230;]<\/a><\/p>\n","protected":false},"author":2,"featured_media":0,"parent":0,"menu_order":0,"comment_status":"closed","ping_status":"closed","template":"","meta":{"footnotes":""},"class_list":["post-1261","page","type-page","status-publish","hentry"],"_links":{"self":[{"href":"https:\/\/campingcitecarcassonne.com\/index.php\/wp-json\/wp\/v2\/pages\/1261","targetHints":{"allow":["GET"]}}],"collection":[{"href":"https:\/\/campingcitecarcassonne.com\/index.php\/wp-json\/wp\/v2\/pages"}],"about":[{"href":"https:\/\/campingcitecarcassonne.com\/index.php\/wp-json\/wp\/v2\/types\/page"}],"author":[{"embeddable":true,"href":"https:\/\/campingcitecarcassonne.com\/index.php\/wp-json\/wp\/v2\/users\/2"}],"replies":[{"embeddable":true,"href":"https:\/\/campingcitecarcassonne.com\/index.php\/wp-json\/wp\/v2\/comments?post=1261"}],"version-history":[{"count":114,"href":"https:\/\/campingcitecarcassonne.com\/index.php\/wp-json\/wp\/v2\/pages\/1261\/revisions"}],"predecessor-version":[{"id":6693,"href":"https:\/\/campingcitecarcassonne.com\/index.php\/wp-json\/wp\/v2\/pages\/1261\/revisions\/6693"}],"wp:attachment":[{"href":"https:\/\/campingcitecarcassonne.com\/index.php\/wp-json\/wp\/v2\/media?parent=1261"}],"curies":[{"name":"wp","href":"https:\/\/api.w.org\/{rel}","templated":true}]}}