{"id":277,"date":"2016-01-19T14:25:43","date_gmt":"2016-01-19T14:25:43","guid":{"rendered":"http:\/\/192.168.0.110\/camping\/?page_id=277"},"modified":"2026-03-13T19:31:30","modified_gmt":"2026-03-13T19:31:30","slug":"contact","status":"publish","type":"page","link":"https:\/\/campingcitecarcassonne.com\/index.php\/contact\/","title":{"rendered":"Envoyer un e-mail"},"content":{"rendered":"\t\t<div data-elementor-type=\"wp-page\" data-elementor-id=\"277\" class=\"elementor elementor-277\">\n\t\t\t\t\t\t<section class=\"elementor-section elementor-top-section elementor-element elementor-element-485ee235 elementor-section-boxed elementor-section-height-default elementor-section-height-default\" data-id=\"485ee235\" data-element_type=\"section\" data-e-type=\"section\">\n\t\t\t\t\t\t<div class=\"elementor-container elementor-column-gap-default\">\n\t\t\t\t\t<div class=\"elementor-column elementor-col-100 elementor-top-column elementor-element elementor-element-65515528\" data-id=\"65515528\" data-element_type=\"column\" data-e-type=\"column\">\n\t\t\t<div class=\"elementor-widget-wrap elementor-element-populated\">\n\t\t\t\t\t\t<div class=\"elementor-element elementor-element-51543739 elementor-widget elementor-widget-text-editor\" data-id=\"51543739\" data-element_type=\"widget\" data-e-type=\"widget\" data-widget_type=\"text-editor.default\">\n\t\t\t\t<div class=\"elementor-widget-container\">\n\t\t\t\t\t\t\t\t\t<p style=\"text-align: left;\">Camping de la Cit\u00e9 ****<br \/>Chemin Bernard D\u00e9licieux<br \/>11000 Carcassonne<br \/>Tel : +33 (0)4 68 100 100<\/p><form id=\"ej-formulaire-form\"><div id=\"ej-formulaire\" class=\"ej-formulaire\">\u00a0<\/div><\/form>    <form id=\"ej-formulaire-form\">\n        <div id=\"ej-formulaire\" class=\"ej-formulaire\"><\/div>\n    <\/form>\n    <script>\n        document.addEventListener('DOMContentLoaded', function () {\n            if (window.ej && ej.formulaire) {\n                ej.formulaire(102);\n            }\n        });\n    <\/script>\n    <p style=\"text-align: left;\"><span style=\"color: #ff0000;\">Les informations recueillies par ce formulaire sont n\u00e9cessaires pour traiter votre demande. Elles sont conserv\u00e9es par le Camping de la Cit\u00e9 le temps du traitement de votre message.<\/span><span style=\"color: #ff0000;\"> Conform\u00e9ment \u00e0 la loi \u00ab\u00a0informatique et libert\u00e9s de 1978 modifi\u00e9e et au R\u00e8glement Europ\u00e9en (RGPD 2016\/679), vous disposez d&rsquo;un droit d&rsquo;acc\u00e8s, de rectification et d&rsquo;opposition aux donn\u00e9es vous concernant, que vous pouvez exercer en contactant le :<\/span><\/p><p style=\"text-align: left;\"><span style=\"color: #ff0000;\">Camping de la Cit\u00e9, chemin Bernard D\u00e9licieux, 11000 Carcassonne \/ T\u00e9l : 04.68.10.01.00 \/ Mail : campingdelacite@carcassonne.fr<\/span><\/p>\t\t\t\t\t\t\t\t<\/div>\n\t\t\t\t<\/div>\n\t\t\t\t\t<\/div>\n\t\t<\/div>\n\t\t\t\t\t<\/div>\n\t\t<\/section>\n\t\t\t\t<\/div>\n\t\t","protected":false},"excerpt":{"rendered":"<p>Camping de la Cit\u00e9 ****Chemin Bernard D\u00e9licieux11000 CarcassonneTel : +33 (0)4 68 100 100 \u00a0 Les informations recueillies par ce formulaire sont n\u00e9cessaires pour traiter votre demande. Elles sont conserv\u00e9es par le Camping de la Cit\u00e9 le temps du traitement de votre message. Conform\u00e9ment \u00e0 la loi \u00ab\u00a0informatique et libert\u00e9s de 1978 modifi\u00e9e et au<a href=\"https:\/\/campingcitecarcassonne.com\/index.php\/contact\/\">[&#8230;]<\/a><\/p>\n","protected":false},"author":1,"featured_media":0,"parent":0,"menu_order":0,"comment_status":"closed","ping_status":"closed","template":"","meta":{"footnotes":""},"class_list":["post-277","page","type-page","status-publish","hentry"],"_links":{"self":[{"href":"https:\/\/campingcitecarcassonne.com\/index.php\/wp-json\/wp\/v2\/pages\/277","targetHints":{"allow":["GET"]}}],"collection":[{"href":"https:\/\/campingcitecarcassonne.com\/index.php\/wp-json\/wp\/v2\/pages"}],"about":[{"href":"https:\/\/campingcitecarcassonne.com\/index.php\/wp-json\/wp\/v2\/types\/page"}],"author":[{"embeddable":true,"href":"https:\/\/campingcitecarcassonne.com\/index.php\/wp-json\/wp\/v2\/users\/1"}],"replies":[{"embeddable":true,"href":"https:\/\/campingcitecarcassonne.com\/index.php\/wp-json\/wp\/v2\/comments?post=277"}],"version-history":[{"count":29,"href":"https:\/\/campingcitecarcassonne.com\/index.php\/wp-json\/wp\/v2\/pages\/277\/revisions"}],"predecessor-version":[{"id":7310,"href":"https:\/\/campingcitecarcassonne.com\/index.php\/wp-json\/wp\/v2\/pages\/277\/revisions\/7310"}],"wp:attachment":[{"href":"https:\/\/campingcitecarcassonne.com\/index.php\/wp-json\/wp\/v2\/media?parent=277"}],"curies":[{"name":"wp","href":"https:\/\/api.w.org\/{rel}","templated":true}]}}