{"id":613,"date":"2016-02-01T17:26:53","date_gmt":"2016-02-01T17:26:53","guid":{"rendered":"http:\/\/v2.campingcarcassonne.com\/?page_id=613"},"modified":"2024-01-05T09:46:23","modified_gmt":"2024-01-05T09:46:23","slug":"mobile-home-33-pmr","status":"publish","type":"page","link":"https:\/\/campingcitecarcassonne.com\/index.php\/hebergement\/mobile-home-33-pmr\/","title":{"rendered":"Mobile-home PMR (4 personnes)"},"content":{"rendered":"\t\t<div data-elementor-type=\"wp-page\" data-elementor-id=\"613\" class=\"elementor elementor-613\">\n\t\t\t\t\t\t<section class=\"elementor-section elementor-top-section elementor-element elementor-element-10c80563 elementor-section-boxed elementor-section-height-default elementor-section-height-default\" data-id=\"10c80563\" data-element_type=\"section\" data-e-type=\"section\">\n\t\t\t\t\t\t<div class=\"elementor-container elementor-column-gap-default\">\n\t\t\t\t\t<div class=\"elementor-column elementor-col-100 elementor-top-column elementor-element elementor-element-72467518\" data-id=\"72467518\" data-element_type=\"column\" data-e-type=\"column\">\n\t\t\t<div class=\"elementor-widget-wrap elementor-element-populated\">\n\t\t\t\t\t\t<div class=\"elementor-element elementor-element-f16c674 elementor-widget elementor-widget-heading\" data-id=\"f16c674\" data-element_type=\"widget\" data-e-type=\"widget\" data-widget_type=\"heading.default\">\n\t\t\t\t<div class=\"elementor-widget-container\">\n\t\t\t\t\t<h2 class=\"elementor-heading-title elementor-size-default\">NOS MOBILE-HOMES PMR 33M\u00b2<\/h2>\t\t\t\t<\/div>\n\t\t\t\t<\/div>\n\t\t\t\t<div class=\"elementor-element elementor-element-cdeb61e elementor-widget elementor-widget-text-editor\" data-id=\"cdeb61e\" data-element_type=\"widget\" data-e-type=\"widget\" data-widget_type=\"text-editor.default\">\n\t\t\t\t<div class=\"elementor-widget-container\">\n\t\t\t\t\t\t\t\t\t<p><strong>Capacit\u00e9 : <\/strong> 4 personnes chambre avec deux lits simples amovibles + chambre avec lits simples superpos\u00e9s + s\u00e9jour avec TV et cuisine + salle de bain et WC + climatisation<\/p>\t\t\t\t\t\t\t\t<\/div>\n\t\t\t\t<\/div>\n\t\t\t\t<div class=\"elementor-element elementor-element-e974d30 elementor-widget elementor-widget-image\" data-id=\"e974d30\" data-element_type=\"widget\" data-e-type=\"widget\" data-widget_type=\"image.default\">\n\t\t\t\t<div class=\"elementor-widget-container\">\n\t\t\t\t\t\t\t\t\t\t\t\t\t\t\t<img fetchpriority=\"high\" decoding=\"async\" width=\"640\" height=\"427\" src=\"https:\/\/campingcitecarcassonne.com\/wp-content\/uploads\/2016\/02\/MH-PMR-2-1024x683.jpg\" class=\"attachment-large size-large wp-image-2303\" alt=\"\" srcset=\"https:\/\/campingcitecarcassonne.com\/wp-content\/uploads\/2016\/02\/MH-PMR-2-1024x683.jpg 1024w, https:\/\/campingcitecarcassonne.com\/wp-content\/uploads\/2016\/02\/MH-PMR-2-300x200.jpg 300w, https:\/\/campingcitecarcassonne.com\/wp-content\/uploads\/2016\/02\/MH-PMR-2-768x512.jpg 768w, https:\/\/campingcitecarcassonne.com\/wp-content\/uploads\/2016\/02\/MH-PMR-2-750x500.jpg 750w\" sizes=\"(max-width: 640px) 100vw, 640px\" \/>\t\t\t\t\t\t\t\t\t\t\t\t\t\t\t<\/div>\n\t\t\t\t<\/div>\n\t\t\t\t<div class=\"elementor-element elementor-element-c11516c elementor-widget elementor-widget-spacer\" data-id=\"c11516c\" data-element_type=\"widget\" data-e-type=\"widget\" data-widget_type=\"spacer.default\">\n\t\t\t\t<div class=\"elementor-widget-container\">\n\t\t\t\t\t\t\t<div class=\"elementor-spacer\">\n\t\t\t<div class=\"elementor-spacer-inner\"><\/div>\n\t\t<\/div>\n\t\t\t\t\t\t<\/div>\n\t\t\t\t<\/div>\n\t\t\t\t<div class=\"elementor-element elementor-element-be3389b elementor-widget elementor-widget-heading\" data-id=\"be3389b\" data-element_type=\"widget\" data-e-type=\"widget\" data-widget_type=\"heading.default\">\n\t\t\t\t<div class=\"elementor-widget-container\">\n\t\t\t\t\t<h2 class=\"elementor-heading-title elementor-size-default\">S\u00e9jour et cuisine <\/h2>\t\t\t\t<\/div>\n\t\t\t\t<\/div>\n\t\t\t\t<div class=\"elementor-element elementor-element-db7e7b7 elementor-widget elementor-widget-text-editor\" data-id=\"db7e7b7\" data-element_type=\"widget\" data-e-type=\"widget\" data-widget_type=\"text-editor.default\">\n\t\t\t\t<div class=\"elementor-widget-container\">\n\t\t\t\t\t\t\t\t\t<div>\n\t\t\t\t\t\t\t\t<div data-elementor-setting-key=\"editor\" data-elementor-inline-editing-toolbar=\"advanced\">\n\t\t\t\t<div>Kitchenette \u00e9quip\u00e9e d\u2019une plaque deux feux gaz, un \u00e9vier, un r\u00e9frig\u00e9rateur-cong\u00e9lateur, un micro-onde<\/div>\n<div>Vaisselle et assises pr\u00e9vues pour 4 personnes<\/div>\n<div>Eau courante chaude et froide, chauffage et climatisation dans l\u2019habitat <br><\/div><div>S\u00e9jour \u00e9quip\u00e9 d&rsquo;une t\u00e9l\u00e9vision <br><\/div>\n\t\t\t\t\t\t<\/div>\n\t\t<\/div><p><\/p>\t\t\t\t\t\t\t\t<\/div>\n\t\t\t\t<\/div>\n\t\t\t\t<section class=\"elementor-section elementor-inner-section elementor-element elementor-element-f73b816 elementor-section-boxed elementor-section-height-default elementor-section-height-default\" data-id=\"f73b816\" data-element_type=\"section\" data-e-type=\"section\">\n\t\t\t\t\t\t<div class=\"elementor-container elementor-column-gap-default\">\n\t\t\t\t\t<div class=\"elementor-column elementor-col-50 elementor-inner-column elementor-element elementor-element-383cbee\" data-id=\"383cbee\" data-element_type=\"column\" data-e-type=\"column\">\n\t\t\t<div class=\"elementor-widget-wrap elementor-element-populated\">\n\t\t\t\t\t\t<div class=\"elementor-element elementor-element-9bb1df9 elementor-widget elementor-widget-image\" data-id=\"9bb1df9\" data-element_type=\"widget\" data-e-type=\"widget\" data-widget_type=\"image.default\">\n\t\t\t\t<div class=\"elementor-widget-container\">\n\t\t\t\t\t\t\t\t\t\t\t\t\t\t\t<img decoding=\"async\" width=\"640\" height=\"427\" src=\"https:\/\/campingcitecarcassonne.com\/wp-content\/uploads\/2016\/02\/SALON-3-1024x683.jpg\" class=\"attachment-large size-large wp-image-2292\" alt=\"\" srcset=\"https:\/\/campingcitecarcassonne.com\/wp-content\/uploads\/2016\/02\/SALON-3-1024x683.jpg 1024w, https:\/\/campingcitecarcassonne.com\/wp-content\/uploads\/2016\/02\/SALON-3-300x200.jpg 300w, https:\/\/campingcitecarcassonne.com\/wp-content\/uploads\/2016\/02\/SALON-3-768x512.jpg 768w, https:\/\/campingcitecarcassonne.com\/wp-content\/uploads\/2016\/02\/SALON-3-750x500.jpg 750w\" sizes=\"(max-width: 640px) 100vw, 640px\" \/>\t\t\t\t\t\t\t\t\t\t\t\t\t\t\t<\/div>\n\t\t\t\t<\/div>\n\t\t\t\t\t<\/div>\n\t\t<\/div>\n\t\t\t\t<div class=\"elementor-column elementor-col-50 elementor-inner-column elementor-element elementor-element-39d2348\" data-id=\"39d2348\" data-element_type=\"column\" data-e-type=\"column\">\n\t\t\t<div class=\"elementor-widget-wrap elementor-element-populated\">\n\t\t\t\t\t\t<div class=\"elementor-element elementor-element-6cbf379 elementor-widget elementor-widget-image\" data-id=\"6cbf379\" data-element_type=\"widget\" data-e-type=\"widget\" data-widget_type=\"image.default\">\n\t\t\t\t<div class=\"elementor-widget-container\">\n\t\t\t\t\t\t\t\t\t\t\t\t\t\t\t<img decoding=\"async\" width=\"640\" height=\"427\" src=\"https:\/\/campingcitecarcassonne.com\/wp-content\/uploads\/PMR-Cuisine-1024x683.jpg\" class=\"attachment-large size-large wp-image-5672\" alt=\"\" srcset=\"https:\/\/campingcitecarcassonne.com\/wp-content\/uploads\/PMR-Cuisine-1024x683.jpg 1024w, https:\/\/campingcitecarcassonne.com\/wp-content\/uploads\/PMR-Cuisine-300x200.jpg 300w, https:\/\/campingcitecarcassonne.com\/wp-content\/uploads\/PMR-Cuisine-768x512.jpg 768w, https:\/\/campingcitecarcassonne.com\/wp-content\/uploads\/PMR-Cuisine-1536x1024.jpg 1536w, https:\/\/campingcitecarcassonne.com\/wp-content\/uploads\/PMR-Cuisine-2048x1365.jpg 2048w, https:\/\/campingcitecarcassonne.com\/wp-content\/uploads\/PMR-Cuisine-750x500.jpg 750w\" sizes=\"(max-width: 640px) 100vw, 640px\" \/>\t\t\t\t\t\t\t\t\t\t\t\t\t\t\t<\/div>\n\t\t\t\t<\/div>\n\t\t\t\t\t<\/div>\n\t\t<\/div>\n\t\t\t\t\t<\/div>\n\t\t<\/section>\n\t\t\t\t<div class=\"elementor-element elementor-element-d1f7b41 elementor-widget elementor-widget-spacer\" data-id=\"d1f7b41\" data-element_type=\"widget\" data-e-type=\"widget\" data-widget_type=\"spacer.default\">\n\t\t\t\t<div class=\"elementor-widget-container\">\n\t\t\t\t\t\t\t<div class=\"elementor-spacer\">\n\t\t\t<div class=\"elementor-spacer-inner\"><\/div>\n\t\t<\/div>\n\t\t\t\t\t\t<\/div>\n\t\t\t\t<\/div>\n\t\t\t\t<div class=\"elementor-element elementor-element-2e45e51 elementor-widget elementor-widget-heading\" data-id=\"2e45e51\" data-element_type=\"widget\" data-e-type=\"widget\" data-widget_type=\"heading.default\">\n\t\t\t\t<div class=\"elementor-widget-container\">\n\t\t\t\t\t<h2 class=\"elementor-heading-title elementor-size-default\">Chambres<\/h2>\t\t\t\t<\/div>\n\t\t\t\t<\/div>\n\t\t\t\t<div class=\"elementor-element elementor-element-c582213 elementor-widget elementor-widget-text-editor\" data-id=\"c582213\" data-element_type=\"widget\" data-e-type=\"widget\" data-widget_type=\"text-editor.default\">\n\t\t\t\t<div class=\"elementor-widget-container\">\n\t\t\t\t\t\t\t\t\t<div>\n<div data-elementor-setting-key=\"editor\" data-elementor-inline-editing-toolbar=\"advanced\">\n<div>\n<div data-elementor-setting-key=\"editor\" data-elementor-inline-editing-toolbar=\"advanced\">\n<p>1 chambre avec deux lits simples en 80 amovibles et 1 chambre avec deux lits simples superpos\u00e9s en 80.<br>Les lits sont \u00e9quip\u00e9s avec des couvertures, oreillers et al\u00e8ses.<\/p>\n<p><strong>Possibilit\u00e9 de faire installer un lit m\u00e9dicalis\u00e9 (d\u00e9marches \u00e0 r\u00e9aliser par vos soins)<br><\/strong><\/p>\n<p><span style=\"text-decoration: underline;\"><strong>Attention<\/strong> <\/span>: les draps ne sont pas fournis<\/p>\n<\/div>\n<\/div>\n<\/div>\n<\/div>\t\t\t\t\t\t\t\t<\/div>\n\t\t\t\t<\/div>\n\t\t\t\t<section class=\"elementor-section elementor-inner-section elementor-element elementor-element-860262d elementor-section-boxed elementor-section-height-default elementor-section-height-default\" data-id=\"860262d\" data-element_type=\"section\" data-e-type=\"section\">\n\t\t\t\t\t\t<div class=\"elementor-container elementor-column-gap-default\">\n\t\t\t\t\t<div class=\"elementor-column elementor-col-50 elementor-inner-column elementor-element elementor-element-5fd8fe7\" data-id=\"5fd8fe7\" data-element_type=\"column\" data-e-type=\"column\">\n\t\t\t<div class=\"elementor-widget-wrap elementor-element-populated\">\n\t\t\t\t\t\t<div class=\"elementor-element elementor-element-c614b78 elementor-widget elementor-widget-image\" data-id=\"c614b78\" data-element_type=\"widget\" data-e-type=\"widget\" data-widget_type=\"image.default\">\n\t\t\t\t<div class=\"elementor-widget-container\">\n\t\t\t\t\t\t\t\t\t\t\t\t\t\t\t<img loading=\"lazy\" decoding=\"async\" width=\"640\" height=\"427\" src=\"https:\/\/campingcitecarcassonne.com\/wp-content\/uploads\/2016\/02\/ADULTES-1024x683.jpg\" class=\"attachment-large size-large wp-image-2293\" alt=\"\" srcset=\"https:\/\/campingcitecarcassonne.com\/wp-content\/uploads\/2016\/02\/ADULTES-1024x683.jpg 1024w, https:\/\/campingcitecarcassonne.com\/wp-content\/uploads\/2016\/02\/ADULTES-300x200.jpg 300w, https:\/\/campingcitecarcassonne.com\/wp-content\/uploads\/2016\/02\/ADULTES-768x512.jpg 768w, https:\/\/campingcitecarcassonne.com\/wp-content\/uploads\/2016\/02\/ADULTES-750x500.jpg 750w\" sizes=\"(max-width: 640px) 100vw, 640px\" \/>\t\t\t\t\t\t\t\t\t\t\t\t\t\t\t<\/div>\n\t\t\t\t<\/div>\n\t\t\t\t\t<\/div>\n\t\t<\/div>\n\t\t\t\t<div class=\"elementor-column elementor-col-50 elementor-inner-column elementor-element elementor-element-f60fe65\" data-id=\"f60fe65\" data-element_type=\"column\" data-e-type=\"column\">\n\t\t\t<div class=\"elementor-widget-wrap elementor-element-populated\">\n\t\t\t\t\t\t<div class=\"elementor-element elementor-element-208df1b elementor-widget elementor-widget-image\" data-id=\"208df1b\" data-element_type=\"widget\" data-e-type=\"widget\" data-widget_type=\"image.default\">\n\t\t\t\t<div class=\"elementor-widget-container\">\n\t\t\t\t\t\t\t\t\t\t\t\t\t\t\t<img decoding=\"async\" src=\"https:\/\/campingcitecarcassonne.com\/wp-content\/uploads\/elementor\/thumbs\/ENFANTS-q1837wrwq6045hjd6jszismu0unxwl6b2ctyaiw5xc.jpg\" title=\"ENFANTS\" alt=\"ENFANTS\" loading=\"lazy\" \/>\t\t\t\t\t\t\t\t\t\t\t\t\t\t\t<\/div>\n\t\t\t\t<\/div>\n\t\t\t\t\t<\/div>\n\t\t<\/div>\n\t\t\t\t\t<\/div>\n\t\t<\/section>\n\t\t\t\t<div class=\"elementor-element elementor-element-751c5e9 elementor-widget elementor-widget-spacer\" data-id=\"751c5e9\" data-element_type=\"widget\" data-e-type=\"widget\" data-widget_type=\"spacer.default\">\n\t\t\t\t<div class=\"elementor-widget-container\">\n\t\t\t\t\t\t\t<div class=\"elementor-spacer\">\n\t\t\t<div class=\"elementor-spacer-inner\"><\/div>\n\t\t<\/div>\n\t\t\t\t\t\t<\/div>\n\t\t\t\t<\/div>\n\t\t\t\t<div class=\"elementor-element elementor-element-6075d36 elementor-widget elementor-widget-heading\" data-id=\"6075d36\" data-element_type=\"widget\" data-e-type=\"widget\" data-widget_type=\"heading.default\">\n\t\t\t\t<div class=\"elementor-widget-container\">\n\t\t\t\t\t<h2 class=\"elementor-heading-title elementor-size-default\">Sanitaires<\/h2>\t\t\t\t<\/div>\n\t\t\t\t<\/div>\n\t\t\t\t<div class=\"elementor-element elementor-element-bec9d83 elementor-widget elementor-widget-text-editor\" data-id=\"bec9d83\" data-element_type=\"widget\" data-e-type=\"widget\" data-widget_type=\"text-editor.default\">\n\t\t\t\t<div class=\"elementor-widget-container\">\n\t\t\t\t\t\t\t\t\t<p>Les sanitaires se composent d&rsquo;une cabine de douche, lavabo et wc<\/p><div><div data-elementor-setting-key=\"editor\" data-elementor-inline-editing-toolbar=\"advanced\"><div><div data-elementor-setting-key=\"editor\" data-elementor-inline-editing-toolbar=\"advanced\"><div><p><span style=\"text-decoration: underline;\"><strong>Attention<\/strong> <\/span>: le linge de bain (serviettes et tapis) et le papier wc ne sont pas fournis<\/p><\/div><\/div><\/div><\/div><\/div>\t\t\t\t\t\t\t\t<\/div>\n\t\t\t\t<\/div>\n\t\t\t\t<div class=\"elementor-element elementor-element-44fb2ab elementor-widget elementor-widget-image\" data-id=\"44fb2ab\" data-element_type=\"widget\" data-e-type=\"widget\" data-widget_type=\"image.default\">\n\t\t\t\t<div class=\"elementor-widget-container\">\n\t\t\t\t\t\t\t\t\t\t\t\t\t\t\t<img decoding=\"async\" src=\"https:\/\/campingcitecarcassonne.com\/wp-content\/uploads\/elementor\/thumbs\/SDB-q1837uw8chxtqka8nkbynd0x105b44yfou9wcg8feo.jpg\" title=\"SDB\" alt=\"SDB\" loading=\"lazy\" \/>\t\t\t\t\t\t\t\t\t\t\t\t\t\t\t<\/div>\n\t\t\t\t<\/div>\n\t\t\t\t<div class=\"elementor-element elementor-element-657088f elementor-widget elementor-widget-spacer\" data-id=\"657088f\" data-element_type=\"widget\" data-e-type=\"widget\" data-widget_type=\"spacer.default\">\n\t\t\t\t<div class=\"elementor-widget-container\">\n\t\t\t\t\t\t\t<div class=\"elementor-spacer\">\n\t\t\t<div class=\"elementor-spacer-inner\"><\/div>\n\t\t<\/div>\n\t\t\t\t\t\t<\/div>\n\t\t\t\t<\/div>\n\t\t\t\t<div class=\"elementor-element elementor-element-c4366b3 elementor-widget elementor-widget-heading\" data-id=\"c4366b3\" data-element_type=\"widget\" data-e-type=\"widget\" data-widget_type=\"heading.default\">\n\t\t\t\t<div class=\"elementor-widget-container\">\n\t\t\t\t\t<h2 class=\"elementor-heading-title elementor-size-default\">Inventaire<\/h2>\t\t\t\t<\/div>\n\t\t\t\t<\/div>\n\t\t\t\t<div class=\"elementor-element elementor-element-e495f31 elementor-widget elementor-widget-text-editor\" data-id=\"e495f31\" data-element_type=\"widget\" data-e-type=\"widget\" data-widget_type=\"text-editor.default\">\n\t\t\t\t<div class=\"elementor-widget-container\">\n\t\t\t\t\t\t\t\t\t<div class=\"elementor-widget-container\">\n\t\t\t\t\t\t\t\t<div class=\"elementor-text-editor elementor-clearfix elementor-inline-editing\" data-elementor-setting-key=\"editor\" data-elementor-inline-editing-toolbar=\"advanced\">\n\t\t\t\t<p style=\"text-align: left;\"><strong>kit vaisselle<\/strong> : \nassiettes plates, assiettes creuses, assiettes \u00e0 dessert, bols, verres, \ntasses \u00e0 caf\u00e9 avec sous-tasses, cuill\u00e8res, fourchettes, couteaux, \ncuill\u00e8res \u00e0 caf\u00e9, carafe, cafeti\u00e8re \u00e9lectrique, casseroles, faitout, \nplat, saladier, po\u00eale, passoire, planche \u00e0 d\u00e9couper, ustensiles de \ncuisine.<\/p><p><strong>M\u00e9nage<\/strong> : seau, serpilli\u00e8re, bassine, balai coco, balai brosse, pelle, poubelle, \u00e9tendoir \u00e0 linge<\/p>\t\t\t\t\t<\/div>\n\t\t\t\t\t\t<\/div><p><\/p>\t\t\t\t\t\t\t\t<\/div>\n\t\t\t\t<\/div>\n\t\t\t\t<div class=\"elementor-element elementor-element-b563f80 elementor-widget elementor-widget-spacer\" data-id=\"b563f80\" data-element_type=\"widget\" data-e-type=\"widget\" data-widget_type=\"spacer.default\">\n\t\t\t\t<div class=\"elementor-widget-container\">\n\t\t\t\t\t\t\t<div class=\"elementor-spacer\">\n\t\t\t<div class=\"elementor-spacer-inner\"><\/div>\n\t\t<\/div>\n\t\t\t\t\t\t<\/div>\n\t\t\t\t<\/div>\n\t\t\t\t<div class=\"elementor-element elementor-element-032cb7b elementor-widget elementor-widget-text-editor\" data-id=\"032cb7b\" data-element_type=\"widget\" data-e-type=\"widget\" data-widget_type=\"text-editor.default\">\n\t\t\t\t<div class=\"elementor-widget-container\">\n\t\t\t\t\t\t\t\t\t<p style=\"text-align: center;\"><a href=\"https:\/\/thelisresa.webcamp.fr\/?lang=fr&amp;camping=carcassonne&amp;PHPSESSID=hes8feil0bgbkj9lm81n703mjo\"><span style=\"text-decoration: underline;\"><strong>JE R\u00c9SERVE MON 33M\u00b2 PMR<\/strong><\/span><\/a><\/p>\t\t\t\t\t\t\t\t<\/div>\n\t\t\t\t<\/div>\n\t\t\t\t\t<\/div>\n\t\t<\/div>\n\t\t\t\t\t<\/div>\n\t\t<\/section>\n\t\t\t\t<\/div>\n\t\t","protected":false},"excerpt":{"rendered":"<p>NOS MOBILE-HOMES PMR 33M\u00b2 Capacit\u00e9 : 4 personnes chambre avec deux lits simples amovibles + chambre avec lits simples superpos\u00e9s + s\u00e9jour avec TV et cuisine + salle de bain et WC + climatisation S\u00e9jour et cuisine Kitchenette \u00e9quip\u00e9e d\u2019une plaque deux feux gaz, un \u00e9vier, un r\u00e9frig\u00e9rateur-cong\u00e9lateur, un micro-onde Vaisselle et assises pr\u00e9vues pour<a href=\"https:\/\/campingcitecarcassonne.com\/index.php\/hebergement\/mobile-home-33-pmr\/\">[&#8230;]<\/a><\/p>\n","protected":false},"author":1,"featured_media":0,"parent":2,"menu_order":0,"comment_status":"closed","ping_status":"closed","template":"","meta":{"footnotes":""},"class_list":["post-613","page","type-page","status-publish","hentry"],"_links":{"self":[{"href":"https:\/\/campingcitecarcassonne.com\/index.php\/wp-json\/wp\/v2\/pages\/613","targetHints":{"allow":["GET"]}}],"collection":[{"href":"https:\/\/campingcitecarcassonne.com\/index.php\/wp-json\/wp\/v2\/pages"}],"about":[{"href":"https:\/\/campingcitecarcassonne.com\/index.php\/wp-json\/wp\/v2\/types\/page"}],"author":[{"embeddable":true,"href":"https:\/\/campingcitecarcassonne.com\/index.php\/wp-json\/wp\/v2\/users\/1"}],"replies":[{"embeddable":true,"href":"https:\/\/campingcitecarcassonne.com\/index.php\/wp-json\/wp\/v2\/comments?post=613"}],"version-history":[{"count":143,"href":"https:\/\/campingcitecarcassonne.com\/index.php\/wp-json\/wp\/v2\/pages\/613\/revisions"}],"predecessor-version":[{"id":6684,"href":"https:\/\/campingcitecarcassonne.com\/index.php\/wp-json\/wp\/v2\/pages\/613\/revisions\/6684"}],"up":[{"embeddable":true,"href":"https:\/\/campingcitecarcassonne.com\/index.php\/wp-json\/wp\/v2\/pages\/2"}],"wp:attachment":[{"href":"https:\/\/campingcitecarcassonne.com\/index.php\/wp-json\/wp\/v2\/media?parent=613"}],"curies":[{"name":"wp","href":"https:\/\/api.w.org\/{rel}","templated":true}]}}