{"id":6282,"date":"2023-03-02T08:52:17","date_gmt":"2023-03-02T08:52:17","guid":{"rendered":"http:\/\/51.254.206.78\/camping2023\/?page_id=6282"},"modified":"2023-03-16T13:49:17","modified_gmt":"2023-03-16T13:49:17","slug":"promo-venez-en-train","status":"publish","type":"page","link":"https:\/\/campingcitecarcassonne.com\/index.php\/promo-venez-en-train\/","title":{"rendered":"Promo : venez en train"},"content":{"rendered":"\t\t<div data-elementor-type=\"wp-page\" data-elementor-id=\"6282\" class=\"elementor elementor-6282\">\n\t\t\t\t\t\t<section class=\"elementor-section elementor-top-section elementor-element elementor-element-88f8b76 elementor-section-boxed elementor-section-height-default elementor-section-height-default\" data-id=\"88f8b76\" data-element_type=\"section\" data-e-type=\"section\">\n\t\t\t\t\t\t<div class=\"elementor-container elementor-column-gap-default\">\n\t\t\t\t\t<div class=\"elementor-column elementor-col-100 elementor-top-column elementor-element elementor-element-cc7f0e8\" data-id=\"cc7f0e8\" data-element_type=\"column\" data-e-type=\"column\">\n\t\t\t<div class=\"elementor-widget-wrap elementor-element-populated\">\n\t\t\t\t\t\t<div class=\"elementor-element elementor-element-e086495 elementor-widget elementor-widget-heading\" data-id=\"e086495\" data-element_type=\"widget\" data-e-type=\"widget\" data-widget_type=\"heading.default\">\n\t\t\t\t<div class=\"elementor-widget-container\">\n\t\t\t\t\t<h2 class=\"elementor-heading-title elementor-size-default\">50% de r\u00e9duction sur votre billet de train <\/h2>\t\t\t\t<\/div>\n\t\t\t\t<\/div>\n\t\t\t\t\t<\/div>\n\t\t<\/div>\n\t\t\t\t\t<\/div>\n\t\t<\/section>\n\t\t\t\t<section class=\"elementor-section elementor-top-section elementor-element elementor-element-7ee5e18 elementor-section-boxed elementor-section-height-default elementor-section-height-default\" data-id=\"7ee5e18\" data-element_type=\"section\" data-e-type=\"section\">\n\t\t\t\t\t\t<div class=\"elementor-container elementor-column-gap-default\">\n\t\t\t\t\t<div class=\"elementor-column elementor-col-100 elementor-top-column elementor-element elementor-element-dfa52f7\" data-id=\"dfa52f7\" data-element_type=\"column\" data-e-type=\"column\">\n\t\t\t<div class=\"elementor-widget-wrap elementor-element-populated\">\n\t\t\t\t\t\t<section class=\"elementor-section elementor-inner-section elementor-element elementor-element-6c3d1fd elementor-section-boxed elementor-section-height-default elementor-section-height-default\" data-id=\"6c3d1fd\" data-element_type=\"section\" data-e-type=\"section\">\n\t\t\t\t\t\t<div class=\"elementor-container elementor-column-gap-default\">\n\t\t\t\t\t<div class=\"elementor-column elementor-col-50 elementor-inner-column elementor-element elementor-element-f80a389\" data-id=\"f80a389\" data-element_type=\"column\" data-e-type=\"column\">\n\t\t\t<div class=\"elementor-widget-wrap elementor-element-populated\">\n\t\t\t\t\t\t<div class=\"elementor-element elementor-element-a378fb7 elementor-widget elementor-widget-image\" data-id=\"a378fb7\" data-element_type=\"widget\" data-e-type=\"widget\" data-widget_type=\"image.default\">\n\t\t\t\t<div class=\"elementor-widget-container\">\n\t\t\t\t\t\t\t\t\t\t\t\t\t\t\t<img fetchpriority=\"high\" decoding=\"async\" width=\"570\" height=\"299\" src=\"https:\/\/campingcitecarcassonne.com\/wp-content\/uploads\/274207597-4826445477476096-5934955782602787698-n-570x299-1.jpg\" class=\"attachment-large size-large wp-image-6284\" alt=\"\" srcset=\"https:\/\/campingcitecarcassonne.com\/wp-content\/uploads\/274207597-4826445477476096-5934955782602787698-n-570x299-1.jpg 570w, https:\/\/campingcitecarcassonne.com\/wp-content\/uploads\/274207597-4826445477476096-5934955782602787698-n-570x299-1-300x157.jpg 300w\" sizes=\"(max-width: 570px) 100vw, 570px\" \/>\t\t\t\t\t\t\t\t\t\t\t\t\t\t\t<\/div>\n\t\t\t\t<\/div>\n\t\t\t\t\t<\/div>\n\t\t<\/div>\n\t\t\t\t<div class=\"elementor-column elementor-col-50 elementor-inner-column elementor-element elementor-element-6be387d\" data-id=\"6be387d\" data-element_type=\"column\" data-e-type=\"column\">\n\t\t\t<div class=\"elementor-widget-wrap elementor-element-populated\">\n\t\t\t\t\t\t<div class=\"elementor-element elementor-element-9dce128 elementor-widget elementor-widget-spacer\" data-id=\"9dce128\" data-element_type=\"widget\" data-e-type=\"widget\" data-widget_type=\"spacer.default\">\n\t\t\t\t<div class=\"elementor-widget-container\">\n\t\t\t\t\t\t\t<div class=\"elementor-spacer\">\n\t\t\t<div class=\"elementor-spacer-inner\"><\/div>\n\t\t<\/div>\n\t\t\t\t\t\t<\/div>\n\t\t\t\t<\/div>\n\t\t\t\t<div class=\"elementor-element elementor-element-229ff74 elementor-widget elementor-widget-text-editor\" data-id=\"229ff74\" data-element_type=\"widget\" data-e-type=\"widget\" data-widget_type=\"text-editor.default\">\n\t\t\t\t<div class=\"elementor-widget-container\">\n\t\t\t\t\t\t\t\t\t<p>Privil\u00e9giez le train pour vos d\u00e9placement au sein de la R\u00e9gion Occitanie et b\u00e9n\u00e9ficiez de <b>50% de r\u00e9duction<\/b> ainsi qu&rsquo;un <b>Carca&rsquo;Pass offert<\/b> pour tout achat de votre billet \u00e9vasiO&rsquo; \u00e0 destination de Carcassonne et en provenance de n&rsquo;importe quel gare d&rsquo;Occitanie.<\/p><p><em>\u2192 Le Carca&rsquo;Pass est valable 1 an \u00e0 partir de la date d&rsquo;achat et vous permet de b\u00e9n\u00e9ficier de r\u00e9duction sur les activit\u00e9s et visites propos\u00e9es \u00e0 Carcassonne et dans les alentours.<\/em><\/p><p>\u00a0<\/p>\t\t\t\t\t\t\t\t<\/div>\n\t\t\t\t<\/div>\n\t\t\t\t\t<\/div>\n\t\t<\/div>\n\t\t\t\t\t<\/div>\n\t\t<\/section>\n\t\t\t\t<div class=\"elementor-element elementor-element-cdbda16 elementor-align-center elementor-widget elementor-widget-button\" data-id=\"cdbda16\" data-element_type=\"widget\" data-e-type=\"widget\" data-widget_type=\"button.default\">\n\t\t\t\t<div class=\"elementor-widget-container\">\n\t\t\t\t\t\t\t\t\t<div class=\"elementor-button-wrapper\">\n\t\t\t\t\t<a class=\"elementor-button elementor-button-link elementor-size-sm\" href=\"https:\/\/www.ter.sncf.com\/occitanie\/decouvrir\/visiter-un-lieu\/carcassonne?utm_source=KIT_COM&#038;utm_medium=site_partenaire&#038;utm_campaign=OCC-EVASIO_CARCASSONNE-NOV_21&#038;fbclid=IwAR0JyPNbzle07tdWw3h0xWMGPd4RAKcpPv_wSRrDHqloEUEBZypEafdIAus\" target=\"_blank\">\n\t\t\t\t\t\t<span class=\"elementor-button-content-wrapper\">\n\t\t\t\t\t\t\t\t\t<span class=\"elementor-button-text\">Je profite de l'offre <\/span>\n\t\t\t\t\t<\/span>\n\t\t\t\t\t<\/a>\n\t\t\t\t<\/div>\n\t\t\t\t\t\t\t\t<\/div>\n\t\t\t\t<\/div>\n\t\t\t\t\t<\/div>\n\t\t<\/div>\n\t\t\t\t\t<\/div>\n\t\t<\/section>\n\t\t\t\t<\/div>\n\t\t","protected":false},"excerpt":{"rendered":"<p>50% de r\u00e9duction sur votre billet de train Privil\u00e9giez le train pour vos d\u00e9placement au sein de la R\u00e9gion Occitanie et b\u00e9n\u00e9ficiez de 50% de r\u00e9duction ainsi qu&rsquo;un Carca&rsquo;Pass offert pour tout achat de votre billet \u00e9vasiO&rsquo; \u00e0 destination de Carcassonne et en provenance de n&rsquo;importe quel gare d&rsquo;Occitanie. \u2192 Le Carca&rsquo;Pass est valable 1<a href=\"https:\/\/campingcitecarcassonne.com\/index.php\/promo-venez-en-train\/\">[&#8230;]<\/a><\/p>\n","protected":false},"author":2,"featured_media":0,"parent":0,"menu_order":0,"comment_status":"closed","ping_status":"closed","template":"","meta":{"footnotes":""},"class_list":["post-6282","page","type-page","status-publish","hentry"],"_links":{"self":[{"href":"https:\/\/campingcitecarcassonne.com\/index.php\/wp-json\/wp\/v2\/pages\/6282","targetHints":{"allow":["GET"]}}],"collection":[{"href":"https:\/\/campingcitecarcassonne.com\/index.php\/wp-json\/wp\/v2\/pages"}],"about":[{"href":"https:\/\/campingcitecarcassonne.com\/index.php\/wp-json\/wp\/v2\/types\/page"}],"author":[{"embeddable":true,"href":"https:\/\/campingcitecarcassonne.com\/index.php\/wp-json\/wp\/v2\/users\/2"}],"replies":[{"embeddable":true,"href":"https:\/\/campingcitecarcassonne.com\/index.php\/wp-json\/wp\/v2\/comments?post=6282"}],"version-history":[{"count":8,"href":"https:\/\/campingcitecarcassonne.com\/index.php\/wp-json\/wp\/v2\/pages\/6282\/revisions"}],"predecessor-version":[{"id":6442,"href":"https:\/\/campingcitecarcassonne.com\/index.php\/wp-json\/wp\/v2\/pages\/6282\/revisions\/6442"}],"wp:attachment":[{"href":"https:\/\/campingcitecarcassonne.com\/index.php\/wp-json\/wp\/v2\/media?parent=6282"}],"curies":[{"name":"wp","href":"https:\/\/api.w.org\/{rel}","templated":true}]}}