{"id":72,"date":"2016-01-08T17:34:45","date_gmt":"2016-01-08T17:34:45","guid":{"rendered":"http:\/\/localhost\/camping\/?page_id=72"},"modified":"2024-01-05T09:45:45","modified_gmt":"2024-01-05T09:45:45","slug":"mobil-home-29","status":"publish","type":"page","link":"https:\/\/campingcitecarcassonne.com\/index.php\/hebergement\/mobil-home-29\/","title":{"rendered":"Mobile-home 29m\u00b2 (4 personnes)"},"content":{"rendered":"\t\t<div data-elementor-type=\"wp-page\" data-elementor-id=\"72\" class=\"elementor elementor-72\">\n\t\t\t\t\t\t<section class=\"elementor-section elementor-top-section elementor-element elementor-element-5662a4f6 elementor-section-boxed elementor-section-height-default elementor-section-height-default\" data-id=\"5662a4f6\" data-element_type=\"section\" data-e-type=\"section\">\n\t\t\t\t\t\t<div class=\"elementor-container elementor-column-gap-default\">\n\t\t\t\t\t<div class=\"elementor-column elementor-col-100 elementor-top-column elementor-element elementor-element-1d970b8b\" data-id=\"1d970b8b\" data-element_type=\"column\" data-e-type=\"column\">\n\t\t\t<div class=\"elementor-widget-wrap elementor-element-populated\">\n\t\t\t\t\t\t<div class=\"elementor-element elementor-element-14b7306 elementor-widget elementor-widget-heading\" data-id=\"14b7306\" data-element_type=\"widget\" data-e-type=\"widget\" data-widget_type=\"heading.default\">\n\t\t\t\t<div class=\"elementor-widget-container\">\n\t\t\t\t\t<h2 class=\"elementor-heading-title elementor-size-default\">NOS MOBILE-HOMES 29M\u00b2<\/h2>\t\t\t\t<\/div>\n\t\t\t\t<\/div>\n\t\t\t\t<div class=\"elementor-element elementor-element-1d35a94 elementor-widget elementor-widget-text-editor\" data-id=\"1d35a94\" data-element_type=\"widget\" data-e-type=\"widget\" data-widget_type=\"text-editor.default\">\n\t\t\t\t<div class=\"elementor-widget-container\">\n\t\t\t\t\t\t\t\t\t<p><strong>Capacit\u00e9 :<\/strong> 4 personnes avec chambre double + chambre avec deux lits simples + s\u00e9jour avec TV et cuisine + salle de bain et WC ind\u00e9pendants + climatisation <\/p>\t\t\t\t\t\t\t\t<\/div>\n\t\t\t\t<\/div>\n\t\t\t\t<div class=\"elementor-element elementor-element-0f48779 elementor-widget elementor-widget-image\" data-id=\"0f48779\" data-element_type=\"widget\" data-e-type=\"widget\" data-widget_type=\"image.default\">\n\t\t\t\t<div class=\"elementor-widget-container\">\n\t\t\t\t\t\t\t\t\t\t\t\t\t\t\t<img fetchpriority=\"high\" decoding=\"async\" width=\"640\" height=\"427\" src=\"https:\/\/campingcitecarcassonne.com\/wp-content\/uploads\/2016\/01\/MH-33m\u00b2-1024x683.jpg\" class=\"attachment-large size-large wp-image-4594\" alt=\"\" srcset=\"https:\/\/campingcitecarcassonne.com\/wp-content\/uploads\/2016\/01\/MH-33m\u00b2-1024x683.jpg 1024w, https:\/\/campingcitecarcassonne.com\/wp-content\/uploads\/2016\/01\/MH-33m\u00b2-300x200.jpg 300w, https:\/\/campingcitecarcassonne.com\/wp-content\/uploads\/2016\/01\/MH-33m\u00b2-768x512.jpg 768w, https:\/\/campingcitecarcassonne.com\/wp-content\/uploads\/2016\/01\/MH-33m\u00b2-750x500.jpg 750w\" sizes=\"(max-width: 640px) 100vw, 640px\" \/>\t\t\t\t\t\t\t\t\t\t\t\t\t\t\t<\/div>\n\t\t\t\t<\/div>\n\t\t\t\t<div class=\"elementor-element elementor-element-f8d649e elementor-widget elementor-widget-spacer\" data-id=\"f8d649e\" data-element_type=\"widget\" data-e-type=\"widget\" data-widget_type=\"spacer.default\">\n\t\t\t\t<div class=\"elementor-widget-container\">\n\t\t\t\t\t\t\t<div class=\"elementor-spacer\">\n\t\t\t<div class=\"elementor-spacer-inner\"><\/div>\n\t\t<\/div>\n\t\t\t\t\t\t<\/div>\n\t\t\t\t<\/div>\n\t\t\t\t<div class=\"elementor-element elementor-element-982794f elementor-widget elementor-widget-heading\" data-id=\"982794f\" data-element_type=\"widget\" data-e-type=\"widget\" data-widget_type=\"heading.default\">\n\t\t\t\t<div class=\"elementor-widget-container\">\n\t\t\t\t\t<h2 class=\"elementor-heading-title elementor-size-default\">S\u00e9jour et cuisine <\/h2>\t\t\t\t<\/div>\n\t\t\t\t<\/div>\n\t\t\t\t<div class=\"elementor-element elementor-element-698afd0 elementor-widget elementor-widget-text-editor\" data-id=\"698afd0\" data-element_type=\"widget\" data-e-type=\"widget\" data-widget_type=\"text-editor.default\">\n\t\t\t\t<div class=\"elementor-widget-container\">\n\t\t\t\t\t\t\t\t\t<div>Kitchenette \u00e9quip\u00e9e d\u2019une plaque deux feux gaz, un \u00e9vier, un r\u00e9frig\u00e9rateur-cong\u00e9lateur, un micro-onde, un lave vaisselle<br><\/div>\n<div>Vaisselle et assises pr\u00e9vues pour 4 personnes<\/div>\n<div>Eau courante chaude et froide, chauffage et climatisation dans l\u2019habitat <br><\/div>\n<p>S\u00e9jour \u00e9quip\u00e9 d\u2019une t\u00e9l\u00e9vision<\/p>\t\t\t\t\t\t\t\t<\/div>\n\t\t\t\t<\/div>\n\t\t\t\t<section class=\"elementor-section elementor-inner-section elementor-element elementor-element-7a2e5aa elementor-section-boxed elementor-section-height-default elementor-section-height-default\" data-id=\"7a2e5aa\" data-element_type=\"section\" data-e-type=\"section\">\n\t\t\t\t\t\t<div class=\"elementor-container elementor-column-gap-default\">\n\t\t\t\t\t<div class=\"elementor-column elementor-col-50 elementor-inner-column elementor-element elementor-element-cbedd43\" data-id=\"cbedd43\" data-element_type=\"column\" data-e-type=\"column\">\n\t\t\t<div class=\"elementor-widget-wrap elementor-element-populated\">\n\t\t\t\t\t\t<div class=\"elementor-element elementor-element-bc53d90 elementor-widget elementor-widget-image\" data-id=\"bc53d90\" data-element_type=\"widget\" data-e-type=\"widget\" data-widget_type=\"image.default\">\n\t\t\t\t<div class=\"elementor-widget-container\">\n\t\t\t\t\t\t\t\t\t\t\t\t\t\t\t<img decoding=\"async\" width=\"640\" height=\"427\" src=\"https:\/\/campingcitecarcassonne.com\/wp-content\/uploads\/MH29-Salle-a-manger-1024x683.jpg\" class=\"attachment-large size-large wp-image-5667\" alt=\"\" srcset=\"https:\/\/campingcitecarcassonne.com\/wp-content\/uploads\/MH29-Salle-a-manger-1024x683.jpg 1024w, https:\/\/campingcitecarcassonne.com\/wp-content\/uploads\/MH29-Salle-a-manger-300x200.jpg 300w, https:\/\/campingcitecarcassonne.com\/wp-content\/uploads\/MH29-Salle-a-manger-768x512.jpg 768w, https:\/\/campingcitecarcassonne.com\/wp-content\/uploads\/MH29-Salle-a-manger-1536x1024.jpg 1536w, https:\/\/campingcitecarcassonne.com\/wp-content\/uploads\/MH29-Salle-a-manger-2048x1365.jpg 2048w, https:\/\/campingcitecarcassonne.com\/wp-content\/uploads\/MH29-Salle-a-manger-750x500.jpg 750w\" sizes=\"(max-width: 640px) 100vw, 640px\" \/>\t\t\t\t\t\t\t\t\t\t\t\t\t\t\t<\/div>\n\t\t\t\t<\/div>\n\t\t\t\t\t<\/div>\n\t\t<\/div>\n\t\t\t\t<div class=\"elementor-column elementor-col-50 elementor-inner-column elementor-element elementor-element-be23f8a\" data-id=\"be23f8a\" data-element_type=\"column\" data-e-type=\"column\">\n\t\t\t<div class=\"elementor-widget-wrap elementor-element-populated\">\n\t\t\t\t\t\t<div class=\"elementor-element elementor-element-b948769 elementor-widget elementor-widget-image\" data-id=\"b948769\" data-element_type=\"widget\" data-e-type=\"widget\" data-widget_type=\"image.default\">\n\t\t\t\t<div class=\"elementor-widget-container\">\n\t\t\t\t\t\t\t\t\t\t\t\t\t\t\t<img decoding=\"async\" width=\"640\" height=\"427\" src=\"https:\/\/campingcitecarcassonne.com\/wp-content\/uploads\/MH29-Cuisine-1024x683.jpg\" class=\"attachment-large size-large wp-image-5666\" alt=\"\" srcset=\"https:\/\/campingcitecarcassonne.com\/wp-content\/uploads\/MH29-Cuisine-1024x683.jpg 1024w, https:\/\/campingcitecarcassonne.com\/wp-content\/uploads\/MH29-Cuisine-300x200.jpg 300w, https:\/\/campingcitecarcassonne.com\/wp-content\/uploads\/MH29-Cuisine-768x512.jpg 768w, https:\/\/campingcitecarcassonne.com\/wp-content\/uploads\/MH29-Cuisine-1536x1024.jpg 1536w, https:\/\/campingcitecarcassonne.com\/wp-content\/uploads\/MH29-Cuisine-2048x1365.jpg 2048w, https:\/\/campingcitecarcassonne.com\/wp-content\/uploads\/MH29-Cuisine-750x500.jpg 750w\" sizes=\"(max-width: 640px) 100vw, 640px\" \/>\t\t\t\t\t\t\t\t\t\t\t\t\t\t\t<\/div>\n\t\t\t\t<\/div>\n\t\t\t\t\t<\/div>\n\t\t<\/div>\n\t\t\t\t\t<\/div>\n\t\t<\/section>\n\t\t\t\t<div class=\"elementor-element elementor-element-c284b9f elementor-widget elementor-widget-spacer\" data-id=\"c284b9f\" data-element_type=\"widget\" data-e-type=\"widget\" data-widget_type=\"spacer.default\">\n\t\t\t\t<div class=\"elementor-widget-container\">\n\t\t\t\t\t\t\t<div class=\"elementor-spacer\">\n\t\t\t<div class=\"elementor-spacer-inner\"><\/div>\n\t\t<\/div>\n\t\t\t\t\t\t<\/div>\n\t\t\t\t<\/div>\n\t\t\t\t<div class=\"elementor-element elementor-element-cb0c98e elementor-widget elementor-widget-heading\" data-id=\"cb0c98e\" data-element_type=\"widget\" data-e-type=\"widget\" data-widget_type=\"heading.default\">\n\t\t\t\t<div class=\"elementor-widget-container\">\n\t\t\t\t\t<h2 class=\"elementor-heading-title elementor-size-default\">Chambres<\/h2>\t\t\t\t<\/div>\n\t\t\t\t<\/div>\n\t\t\t\t<div class=\"elementor-element elementor-element-d9f6616 elementor-widget elementor-widget-text-editor\" data-id=\"d9f6616\" data-element_type=\"widget\" data-e-type=\"widget\" data-widget_type=\"text-editor.default\">\n\t\t\t\t<div class=\"elementor-widget-container\">\n\t\t\t\t\t\t\t\t\t<div>\n<div data-elementor-setting-key=\"editor\" data-elementor-inline-editing-toolbar=\"advanced\">\n<div>\n<div data-elementor-setting-key=\"editor\" data-elementor-inline-editing-toolbar=\"advanced\">\n<div>\n<div data-elementor-setting-key=\"editor\" data-elementor-inline-editing-toolbar=\"advanced\">\n<p>1 chambre avec 1 lit double en 140 et 1 chambre avec 2 lits simples en 80.<br>Les lits sont \u00e9quip\u00e9s avec des couvertures, oreillers et al\u00e8ses.<\/p>\n<p><span style=\"text-decoration: underline;\"><strong>Attention<\/strong> <\/span>: les draps ne sont pas fournis<\/p>\n<\/div>\n<\/div>\n<\/div>\n<\/div>\n<\/div>\n<\/div>\t\t\t\t\t\t\t\t<\/div>\n\t\t\t\t<\/div>\n\t\t\t\t<section class=\"elementor-section elementor-inner-section elementor-element elementor-element-389b49d elementor-section-boxed elementor-section-height-default elementor-section-height-default\" data-id=\"389b49d\" data-element_type=\"section\" data-e-type=\"section\">\n\t\t\t\t\t\t<div class=\"elementor-container elementor-column-gap-default\">\n\t\t\t\t\t<div class=\"elementor-column elementor-col-50 elementor-inner-column elementor-element elementor-element-48c88df\" data-id=\"48c88df\" data-element_type=\"column\" data-e-type=\"column\">\n\t\t\t<div class=\"elementor-widget-wrap elementor-element-populated\">\n\t\t\t\t\t\t<div class=\"elementor-element elementor-element-299aa8b elementor-widget elementor-widget-image\" data-id=\"299aa8b\" data-element_type=\"widget\" data-e-type=\"widget\" data-widget_type=\"image.default\">\n\t\t\t\t<div class=\"elementor-widget-container\">\n\t\t\t\t\t\t\t\t\t\t\t\t\t\t\t<img loading=\"lazy\" decoding=\"async\" width=\"640\" height=\"427\" src=\"https:\/\/campingcitecarcassonne.com\/wp-content\/uploads\/MH33-Grande-chambre-1024x683.jpg\" class=\"attachment-large size-large wp-image-5668\" alt=\"\" srcset=\"https:\/\/campingcitecarcassonne.com\/wp-content\/uploads\/MH33-Grande-chambre-1024x683.jpg 1024w, https:\/\/campingcitecarcassonne.com\/wp-content\/uploads\/MH33-Grande-chambre-300x200.jpg 300w, https:\/\/campingcitecarcassonne.com\/wp-content\/uploads\/MH33-Grande-chambre-768x512.jpg 768w, https:\/\/campingcitecarcassonne.com\/wp-content\/uploads\/MH33-Grande-chambre-1536x1024.jpg 1536w, https:\/\/campingcitecarcassonne.com\/wp-content\/uploads\/MH33-Grande-chambre-2048x1365.jpg 2048w, https:\/\/campingcitecarcassonne.com\/wp-content\/uploads\/MH33-Grande-chambre-750x500.jpg 750w\" sizes=\"(max-width: 640px) 100vw, 640px\" \/>\t\t\t\t\t\t\t\t\t\t\t\t\t\t\t<\/div>\n\t\t\t\t<\/div>\n\t\t\t\t\t<\/div>\n\t\t<\/div>\n\t\t\t\t<div class=\"elementor-column elementor-col-50 elementor-inner-column elementor-element elementor-element-dcab1d9\" data-id=\"dcab1d9\" data-element_type=\"column\" data-e-type=\"column\">\n\t\t\t<div class=\"elementor-widget-wrap elementor-element-populated\">\n\t\t\t\t\t\t<div class=\"elementor-element elementor-element-9ef3bf1 elementor-widget elementor-widget-image\" data-id=\"9ef3bf1\" data-element_type=\"widget\" data-e-type=\"widget\" data-widget_type=\"image.default\">\n\t\t\t\t<div class=\"elementor-widget-container\">\n\t\t\t\t\t\t\t\t\t\t\t\t\t\t\t<img loading=\"lazy\" decoding=\"async\" width=\"640\" height=\"427\" src=\"https:\/\/campingcitecarcassonne.com\/wp-content\/uploads\/MH33-Petite-chambre-1024x683.jpg\" class=\"attachment-large size-large wp-image-5665\" alt=\"\" srcset=\"https:\/\/campingcitecarcassonne.com\/wp-content\/uploads\/MH33-Petite-chambre-1024x683.jpg 1024w, https:\/\/campingcitecarcassonne.com\/wp-content\/uploads\/MH33-Petite-chambre-300x200.jpg 300w, https:\/\/campingcitecarcassonne.com\/wp-content\/uploads\/MH33-Petite-chambre-768x512.jpg 768w, https:\/\/campingcitecarcassonne.com\/wp-content\/uploads\/MH33-Petite-chambre-1536x1024.jpg 1536w, https:\/\/campingcitecarcassonne.com\/wp-content\/uploads\/MH33-Petite-chambre-2048x1365.jpg 2048w, https:\/\/campingcitecarcassonne.com\/wp-content\/uploads\/MH33-Petite-chambre-750x500.jpg 750w\" sizes=\"(max-width: 640px) 100vw, 640px\" \/>\t\t\t\t\t\t\t\t\t\t\t\t\t\t\t<\/div>\n\t\t\t\t<\/div>\n\t\t\t\t\t<\/div>\n\t\t<\/div>\n\t\t\t\t\t<\/div>\n\t\t<\/section>\n\t\t\t\t<div class=\"elementor-element elementor-element-d519c86 elementor-widget elementor-widget-spacer\" data-id=\"d519c86\" data-element_type=\"widget\" data-e-type=\"widget\" data-widget_type=\"spacer.default\">\n\t\t\t\t<div class=\"elementor-widget-container\">\n\t\t\t\t\t\t\t<div class=\"elementor-spacer\">\n\t\t\t<div class=\"elementor-spacer-inner\"><\/div>\n\t\t<\/div>\n\t\t\t\t\t\t<\/div>\n\t\t\t\t<\/div>\n\t\t\t\t<div class=\"elementor-element elementor-element-bc62d62 elementor-widget elementor-widget-heading\" data-id=\"bc62d62\" data-element_type=\"widget\" data-e-type=\"widget\" data-widget_type=\"heading.default\">\n\t\t\t\t<div class=\"elementor-widget-container\">\n\t\t\t\t\t<h2 class=\"elementor-heading-title elementor-size-default\">Sanitaires <\/h2>\t\t\t\t<\/div>\n\t\t\t\t<\/div>\n\t\t\t\t<div class=\"elementor-element elementor-element-d608282 elementor-widget elementor-widget-text-editor\" data-id=\"d608282\" data-element_type=\"widget\" data-e-type=\"widget\" data-widget_type=\"text-editor.default\">\n\t\t\t\t<div class=\"elementor-widget-container\">\n\t\t\t\t\t\t\t\t\t<div><div data-elementor-setting-key=\"editor\" data-elementor-inline-editing-toolbar=\"advanced\"><div><div data-elementor-setting-key=\"editor\" data-elementor-inline-editing-toolbar=\"advanced\"><div><div data-elementor-setting-key=\"editor\" data-elementor-inline-editing-toolbar=\"advanced\"><p>Les sanitaires se composent d&rsquo;une cabine de douche et d&rsquo;un lavabo<br \/>Les wc sont ind\u00e9pendants<\/p><p><span style=\"text-decoration: underline;\"><strong>Attention<\/strong> <\/span>: le linge de\u00a0 bain (serviettes et tapis) et le papier wc ne sont pas fournis<\/p><\/div><\/div><\/div><\/div><\/div><\/div>\t\t\t\t\t\t\t\t<\/div>\n\t\t\t\t<\/div>\n\t\t\t\t<div class=\"elementor-element elementor-element-ae13058 elementor-widget elementor-widget-spacer\" data-id=\"ae13058\" data-element_type=\"widget\" data-e-type=\"widget\" data-widget_type=\"spacer.default\">\n\t\t\t\t<div class=\"elementor-widget-container\">\n\t\t\t\t\t\t\t<div class=\"elementor-spacer\">\n\t\t\t<div class=\"elementor-spacer-inner\"><\/div>\n\t\t<\/div>\n\t\t\t\t\t\t<\/div>\n\t\t\t\t<\/div>\n\t\t\t\t<div class=\"elementor-element elementor-element-2b92447 elementor-widget elementor-widget-heading\" data-id=\"2b92447\" data-element_type=\"widget\" data-e-type=\"widget\" data-widget_type=\"heading.default\">\n\t\t\t\t<div class=\"elementor-widget-container\">\n\t\t\t\t\t<h2 class=\"elementor-heading-title elementor-size-default\">Inventaire<\/h2>\t\t\t\t<\/div>\n\t\t\t\t<\/div>\n\t\t\t\t<div class=\"elementor-element elementor-element-aedd4a1 elementor-widget elementor-widget-text-editor\" data-id=\"aedd4a1\" data-element_type=\"widget\" data-e-type=\"widget\" data-widget_type=\"text-editor.default\">\n\t\t\t\t<div class=\"elementor-widget-container\">\n\t\t\t\t\t\t\t\t\t<div>\n<div data-elementor-setting-key=\"editor\" data-elementor-inline-editing-toolbar=\"advanced\">\n<div>\n<div data-elementor-setting-key=\"editor\" data-elementor-inline-editing-toolbar=\"advanced\">\n<div>\n<div data-elementor-setting-key=\"editor\" data-elementor-inline-editing-toolbar=\"advanced\">\n<div>\n<div data-elementor-setting-key=\"editor\" data-elementor-inline-editing-toolbar=\"advanced\">\n<p style=\"text-align: left;\"><strong>kit vaisselle<\/strong> : assiettes plates, assiettes creuses, assiettes \u00e0 dessert, bols, verres, tasses \u00e0 caf\u00e9 avec sous-tasses, cuill\u00e8res, fourchettes, couteaux, cuill\u00e8res \u00e0 caf\u00e9, carafe, cafeti\u00e8re \u00e9lectrique, casseroles, faitout, plat, saladier, po\u00eale, passoire, planche \u00e0 d\u00e9couper, ustensiles de cuisine.<\/p>\n<p><strong>M\u00e9nage<\/strong> : seau, serpilli\u00e8re, bassine, balai coco, balai brosse, pelle, poubelle, \u00e9tendoir \u00e0 linge<\/p>\n<\/div>\n<\/div>\n<\/div>\n<\/div>\n<\/div>\n<\/div>\n<\/div>\n<\/div>\t\t\t\t\t\t\t\t<\/div>\n\t\t\t\t<\/div>\n\t\t\t\t<div class=\"elementor-element elementor-element-12669a0 elementor-widget elementor-widget-spacer\" data-id=\"12669a0\" data-element_type=\"widget\" data-e-type=\"widget\" data-widget_type=\"spacer.default\">\n\t\t\t\t<div class=\"elementor-widget-container\">\n\t\t\t\t\t\t\t<div class=\"elementor-spacer\">\n\t\t\t<div class=\"elementor-spacer-inner\"><\/div>\n\t\t<\/div>\n\t\t\t\t\t\t<\/div>\n\t\t\t\t<\/div>\n\t\t\t\t<div class=\"elementor-element elementor-element-bce1d50 elementor-widget elementor-widget-text-editor\" data-id=\"bce1d50\" data-element_type=\"widget\" data-e-type=\"widget\" data-widget_type=\"text-editor.default\">\n\t\t\t\t<div class=\"elementor-widget-container\">\n\t\t\t\t\t\t\t\t\t<p style=\"text-align: center;\"><a href=\"https:\/\/thelisresa.webcamp.fr\/?lang=fr&amp;camping=carcassonne&amp;PHPSESSID=hes8feil0bgbkj9lm81n703mjo\"><span style=\"text-decoration: underline;\"><strong>JE R\u00c9SERVE MON 29M\u00b2<\/strong><\/span><\/a><\/p>\t\t\t\t\t\t\t\t<\/div>\n\t\t\t\t<\/div>\n\t\t\t\t\t<\/div>\n\t\t<\/div>\n\t\t\t\t\t<\/div>\n\t\t<\/section>\n\t\t\t\t<\/div>\n\t\t","protected":false},"excerpt":{"rendered":"<p>NOS MOBILE-HOMES 29M\u00b2 Capacit\u00e9 : 4 personnes avec chambre double + chambre avec deux lits simples + s\u00e9jour avec TV et cuisine + salle de bain et WC ind\u00e9pendants + climatisation S\u00e9jour et cuisine Kitchenette \u00e9quip\u00e9e d\u2019une plaque deux feux gaz, un \u00e9vier, un r\u00e9frig\u00e9rateur-cong\u00e9lateur, un micro-onde, un lave vaisselle Vaisselle et assises pr\u00e9vues pour<a href=\"https:\/\/campingcitecarcassonne.com\/index.php\/hebergement\/mobil-home-29\/\">[&#8230;]<\/a><\/p>\n","protected":false},"author":1,"featured_media":0,"parent":2,"menu_order":0,"comment_status":"closed","ping_status":"closed","template":"","meta":{"footnotes":""},"class_list":["post-72","page","type-page","status-publish","hentry"],"_links":{"self":[{"href":"https:\/\/campingcitecarcassonne.com\/index.php\/wp-json\/wp\/v2\/pages\/72","targetHints":{"allow":["GET"]}}],"collection":[{"href":"https:\/\/campingcitecarcassonne.com\/index.php\/wp-json\/wp\/v2\/pages"}],"about":[{"href":"https:\/\/campingcitecarcassonne.com\/index.php\/wp-json\/wp\/v2\/types\/page"}],"author":[{"embeddable":true,"href":"https:\/\/campingcitecarcassonne.com\/index.php\/wp-json\/wp\/v2\/users\/1"}],"replies":[{"embeddable":true,"href":"https:\/\/campingcitecarcassonne.com\/index.php\/wp-json\/wp\/v2\/comments?post=72"}],"version-history":[{"count":255,"href":"https:\/\/campingcitecarcassonne.com\/index.php\/wp-json\/wp\/v2\/pages\/72\/revisions"}],"predecessor-version":[{"id":6678,"href":"https:\/\/campingcitecarcassonne.com\/index.php\/wp-json\/wp\/v2\/pages\/72\/revisions\/6678"}],"up":[{"embeddable":true,"href":"https:\/\/campingcitecarcassonne.com\/index.php\/wp-json\/wp\/v2\/pages\/2"}],"wp:attachment":[{"href":"https:\/\/campingcitecarcassonne.com\/index.php\/wp-json\/wp\/v2\/media?parent=72"}],"curies":[{"name":"wp","href":"https:\/\/api.w.org\/{rel}","templated":true}]}}