{"id":738,"date":"2016-02-19T09:18:46","date_gmt":"2016-02-19T09:18:46","guid":{"rendered":"http:\/\/v2.campingcarcassonne.com\/?page_id=738"},"modified":"2025-08-06T12:30:13","modified_gmt":"2025-08-06T12:30:13","slug":"animation","status":"publish","type":"page","link":"https:\/\/campingcitecarcassonne.com\/index.php\/animation\/","title":{"rendered":"Nos animations"},"content":{"rendered":"\t\t<div data-elementor-type=\"wp-page\" data-elementor-id=\"738\" class=\"elementor elementor-738\">\n\t\t\t\t\t\t<section class=\"elementor-section elementor-top-section elementor-element elementor-element-66a825f5 elementor-section-boxed elementor-section-height-default elementor-section-height-default\" data-id=\"66a825f5\" data-element_type=\"section\" data-e-type=\"section\">\n\t\t\t\t\t\t<div class=\"elementor-container elementor-column-gap-default\">\n\t\t\t\t\t<div class=\"elementor-column elementor-col-100 elementor-top-column elementor-element elementor-element-42563bd4\" data-id=\"42563bd4\" data-element_type=\"column\" data-e-type=\"column\">\n\t\t\t<div class=\"elementor-widget-wrap elementor-element-populated\">\n\t\t\t\t\t\t<div class=\"elementor-element elementor-element-29255c2 elementor-widget elementor-widget-heading\" data-id=\"29255c2\" data-element_type=\"widget\" data-e-type=\"widget\" data-widget_type=\"heading.default\">\n\t\t\t\t<div class=\"elementor-widget-container\">\n\t\t\t\t\t<h2 class=\"elementor-heading-title elementor-size-default\">Suivez les \u00e9v\u00e8nements sportifs !<br><\/h2>\t\t\t\t<\/div>\n\t\t\t\t<\/div>\n\t\t\t\t<div class=\"elementor-element elementor-element-86fc65b elementor-widget elementor-widget-text-editor\" data-id=\"86fc65b\" data-element_type=\"widget\" data-e-type=\"widget\" data-widget_type=\"text-editor.default\">\n\t\t\t\t<div class=\"elementor-widget-container\">\n\t\t\t\t\t\t\t\t\t<p>Tout l&rsquo;\u00e9t\u00e9, suivez les \u00e9v\u00e8nements sportifs : tour de France, Jeux olympiques, matchs, etc. au snack-bar du camping !\u00a0<\/p><p>Ils seront diffus\u00e9s sur nos \u00e9crans int\u00e9rieurs et ext\u00e9rieurs<\/p>\t\t\t\t\t\t\t\t<\/div>\n\t\t\t\t<\/div>\n\t\t\t\t<div class=\"elementor-element elementor-element-e0c0cbb elementor-widget elementor-widget-heading\" data-id=\"e0c0cbb\" data-element_type=\"widget\" data-e-type=\"widget\" data-widget_type=\"heading.default\">\n\t\t\t\t<div class=\"elementor-widget-container\">\n\t\t\t\t\t<h2 class=\"elementor-heading-title elementor-size-default\">Des animations pour toute la famille ....<\/h2>\t\t\t\t<\/div>\n\t\t\t\t<\/div>\n\t\t\t\t<div class=\"elementor-element elementor-element-844286c elementor-widget elementor-widget-text-editor\" data-id=\"844286c\" data-element_type=\"widget\" data-e-type=\"widget\" data-widget_type=\"text-editor.default\">\n\t\t\t\t<div class=\"elementor-widget-container\">\n\t\t\t\t\t\t\t\t\t<p>En juillet et ao\u00fbt, venez retrouver nos animations pour petits et grands.<\/p>\t\t\t\t\t\t\t\t<\/div>\n\t\t\t\t<\/div>\n\t\t\t\t<section class=\"elementor-section elementor-inner-section elementor-element elementor-element-c599472 elementor-section-boxed elementor-section-height-default elementor-section-height-default\" data-id=\"c599472\" data-element_type=\"section\" data-e-type=\"section\">\n\t\t\t\t\t\t<div class=\"elementor-container elementor-column-gap-default\">\n\t\t\t\t\t<div class=\"elementor-column elementor-col-50 elementor-inner-column elementor-element elementor-element-4c48964\" data-id=\"4c48964\" data-element_type=\"column\" data-e-type=\"column\">\n\t\t\t<div class=\"elementor-widget-wrap elementor-element-populated\">\n\t\t\t\t\t\t<div class=\"elementor-element elementor-element-1c8b2f4 elementor-widget elementor-widget-text-editor\" data-id=\"1c8b2f4\" data-element_type=\"widget\" data-e-type=\"widget\" data-widget_type=\"text-editor.default\">\n\t\t\t\t<div class=\"elementor-widget-container\">\n\t\t\t\t\t\t\t\t\t<p><u><b>Le club enfant <\/b><\/u>accueille les enfants de 4 \u00e0 12 ans, tous les jours de la semaine (sauf le samedi).<\/p>\n<p>Nous proposons de nombreuses activit\u00e9s culturelles, \u00e9ducatives et amusantes (grands jeux, fabrication d&rsquo;h\u00f4tel \u00e0 insectes, d\u00e9couverte de l&rsquo;agriculture avec Muriel Vayre, observation des oiseaux et animaux avec la LPO, piscine, etc.)<\/p>\n<p><\/p>\t\t\t\t\t\t\t\t<\/div>\n\t\t\t\t<\/div>\n\t\t\t\t\t<\/div>\n\t\t<\/div>\n\t\t\t\t<div class=\"elementor-column elementor-col-50 elementor-inner-column elementor-element elementor-element-99b475d\" data-id=\"99b475d\" data-element_type=\"column\" data-e-type=\"column\">\n\t\t\t<div class=\"elementor-widget-wrap elementor-element-populated\">\n\t\t\t\t\t\t<div class=\"elementor-element elementor-element-2e11d5b elementor-widget elementor-widget-image\" data-id=\"2e11d5b\" data-element_type=\"widget\" data-e-type=\"widget\" data-widget_type=\"image.default\">\n\t\t\t\t<div class=\"elementor-widget-container\">\n\t\t\t\t\t\t\t\t\t\t\t\t\t\t\t<img fetchpriority=\"high\" decoding=\"async\" width=\"640\" height=\"480\" src=\"https:\/\/campingcitecarcassonne.com\/wp-content\/uploads\/1.png\" class=\"attachment-large size-large wp-image-6838\" alt=\"\" srcset=\"https:\/\/campingcitecarcassonne.com\/wp-content\/uploads\/1.png 1024w, https:\/\/campingcitecarcassonne.com\/wp-content\/uploads\/1-300x225.png 300w, https:\/\/campingcitecarcassonne.com\/wp-content\/uploads\/1-768x576.png 768w, https:\/\/campingcitecarcassonne.com\/wp-content\/uploads\/1-285x214.png 285w\" sizes=\"(max-width: 640px) 100vw, 640px\" \/>\t\t\t\t\t\t\t\t\t\t\t\t\t\t\t<\/div>\n\t\t\t\t<\/div>\n\t\t\t\t\t<\/div>\n\t\t<\/div>\n\t\t\t\t\t<\/div>\n\t\t<\/section>\n\t\t\t\t<section class=\"elementor-section elementor-inner-section elementor-element elementor-element-9dcd629 elementor-section-boxed elementor-section-height-default elementor-section-height-default\" data-id=\"9dcd629\" data-element_type=\"section\" data-e-type=\"section\">\n\t\t\t\t\t\t<div class=\"elementor-container elementor-column-gap-default\">\n\t\t\t\t\t<div class=\"elementor-column elementor-col-50 elementor-inner-column elementor-element elementor-element-2bc7d1c\" data-id=\"2bc7d1c\" data-element_type=\"column\" data-e-type=\"column\">\n\t\t\t<div class=\"elementor-widget-wrap elementor-element-populated\">\n\t\t\t\t\t\t<div class=\"elementor-element elementor-element-abc8a83 elementor-widget elementor-widget-text-editor\" data-id=\"abc8a83\" data-element_type=\"widget\" data-e-type=\"widget\" data-widget_type=\"text-editor.default\">\n\t\t\t\t<div class=\"elementor-widget-container\">\n\t\t\t\t\t\t\t\t\t<p><u><b>En famille<\/b><\/u> venez assister \u00e0 nos soir\u00e9es concerts et spectacles. De la musique, de la danse, des combats de chevalier. De quoi repartir avec plein de beaux souvenirs.<\/p><p>D&rsquo;autres \u00e9v\u00e8nements seront \u00e9galement organis\u00e9s de mani\u00e8re ponctuelle tout au long de la saison. Par exemple, vous pouvez dores et d\u00e9j\u00e0 vous entrainer pour nos olympiades du 14 juillet ! <\/p>\t\t\t\t\t\t\t\t<\/div>\n\t\t\t\t<\/div>\n\t\t\t\t\t<\/div>\n\t\t<\/div>\n\t\t\t\t<div class=\"elementor-column elementor-col-50 elementor-inner-column elementor-element elementor-element-57c0845\" data-id=\"57c0845\" data-element_type=\"column\" data-e-type=\"column\">\n\t\t\t<div class=\"elementor-widget-wrap elementor-element-populated\">\n\t\t\t\t\t\t<div class=\"elementor-element elementor-element-5f28e7c elementor-widget elementor-widget-image\" data-id=\"5f28e7c\" data-element_type=\"widget\" data-e-type=\"widget\" data-widget_type=\"image.default\">\n\t\t\t\t<div class=\"elementor-widget-container\">\n\t\t\t\t\t\t\t\t\t\t\t\t\t\t\t<img decoding=\"async\" width=\"640\" height=\"480\" src=\"https:\/\/campingcitecarcassonne.com\/wp-content\/uploads\/2-1.png\" class=\"attachment-large size-large wp-image-6839\" alt=\"\" srcset=\"https:\/\/campingcitecarcassonne.com\/wp-content\/uploads\/2-1.png 1024w, https:\/\/campingcitecarcassonne.com\/wp-content\/uploads\/2-1-300x225.png 300w, https:\/\/campingcitecarcassonne.com\/wp-content\/uploads\/2-1-768x576.png 768w, https:\/\/campingcitecarcassonne.com\/wp-content\/uploads\/2-1-285x214.png 285w\" sizes=\"(max-width: 640px) 100vw, 640px\" \/>\t\t\t\t\t\t\t\t\t\t\t\t\t\t\t<\/div>\n\t\t\t\t<\/div>\n\t\t\t\t\t<\/div>\n\t\t<\/div>\n\t\t\t\t\t<\/div>\n\t\t<\/section>\n\t\t\t\t\t<\/div>\n\t\t<\/div>\n\t\t\t\t\t<\/div>\n\t\t<\/section>\n\t\t\t\t<section class=\"elementor-section elementor-top-section elementor-element elementor-element-9d4fe97 elementor-section-boxed elementor-section-height-default elementor-section-height-default\" data-id=\"9d4fe97\" data-element_type=\"section\" data-e-type=\"section\">\n\t\t\t\t\t\t<div class=\"elementor-container elementor-column-gap-default\">\n\t\t\t\t\t<div class=\"elementor-column elementor-col-100 elementor-top-column elementor-element elementor-element-66445b3\" data-id=\"66445b3\" data-element_type=\"column\" data-e-type=\"column\">\n\t\t\t<div class=\"elementor-widget-wrap elementor-element-populated\">\n\t\t\t\t\t\t<div class=\"elementor-element elementor-element-771394d elementor-widget elementor-widget-image\" data-id=\"771394d\" data-element_type=\"widget\" data-e-type=\"widget\" data-widget_type=\"image.default\">\n\t\t\t\t<div class=\"elementor-widget-container\">\n\t\t\t\t\t\t\t\t\t\t\t\t\t\t\t<img decoding=\"async\" src=\"https:\/\/campingcitecarcassonne.com\/wp-content\/uploads\/Planning-soirees-1.png\" title=\"\" alt=\"\" loading=\"lazy\" \/>\t\t\t\t\t\t\t\t\t\t\t\t\t\t\t<\/div>\n\t\t\t\t<\/div>\n\t\t\t\t\t<\/div>\n\t\t<\/div>\n\t\t\t\t\t<\/div>\n\t\t<\/section>\n\t\t\t\t<\/div>\n\t\t","protected":false},"excerpt":{"rendered":"<p>Suivez les \u00e9v\u00e8nements sportifs ! Tout l&rsquo;\u00e9t\u00e9, suivez les \u00e9v\u00e8nements sportifs : tour de France, Jeux olympiques, matchs, etc. au snack-bar du camping !\u00a0 Ils seront diffus\u00e9s sur nos \u00e9crans int\u00e9rieurs et ext\u00e9rieurs Des animations pour toute la famille &#8230;. En juillet et ao\u00fbt, venez retrouver nos animations pour petits et grands. Le club enfant<a href=\"https:\/\/campingcitecarcassonne.com\/index.php\/animation\/\">[&#8230;]<\/a><\/p>\n","protected":false},"author":2,"featured_media":0,"parent":0,"menu_order":0,"comment_status":"closed","ping_status":"closed","template":"","meta":{"footnotes":""},"class_list":["post-738","page","type-page","status-publish","hentry"],"_links":{"self":[{"href":"https:\/\/campingcitecarcassonne.com\/index.php\/wp-json\/wp\/v2\/pages\/738","targetHints":{"allow":["GET"]}}],"collection":[{"href":"https:\/\/campingcitecarcassonne.com\/index.php\/wp-json\/wp\/v2\/pages"}],"about":[{"href":"https:\/\/campingcitecarcassonne.com\/index.php\/wp-json\/wp\/v2\/types\/page"}],"author":[{"embeddable":true,"href":"https:\/\/campingcitecarcassonne.com\/index.php\/wp-json\/wp\/v2\/users\/2"}],"replies":[{"embeddable":true,"href":"https:\/\/campingcitecarcassonne.com\/index.php\/wp-json\/wp\/v2\/comments?post=738"}],"version-history":[{"count":180,"href":"https:\/\/campingcitecarcassonne.com\/index.php\/wp-json\/wp\/v2\/pages\/738\/revisions"}],"predecessor-version":[{"id":7269,"href":"https:\/\/campingcitecarcassonne.com\/index.php\/wp-json\/wp\/v2\/pages\/738\/revisions\/7269"}],"wp:attachment":[{"href":"https:\/\/campingcitecarcassonne.com\/index.php\/wp-json\/wp\/v2\/media?parent=738"}],"curies":[{"name":"wp","href":"https:\/\/api.w.org\/{rel}","templated":true}]}}